Last updated on 2025-02-05 07:50:19 CET.
Flavor | Version | Tinstall | Tcheck | Ttotal | Status | Flags |
---|---|---|---|---|---|---|
r-devel-linux-x86_64-debian-clang | 0.1.1 | 66.49 | 43.38 | 109.87 | OK | |
r-devel-linux-x86_64-debian-gcc | 0.1.1 | 45.75 | 30.43 | 76.18 | OK | |
r-devel-linux-x86_64-fedora-clang | 0.1.1 | 208.76 | OK | |||
r-devel-linux-x86_64-fedora-gcc | 0.1.1 | 212.21 | OK | |||
r-devel-windows-x86_64 | 0.1.1 | 69.00 | 88.00 | 157.00 | OK | |
r-patched-linux-x86_64 | 0.1.1 | 66.38 | 41.67 | 108.05 | OK | |
r-release-linux-x86_64 | 0.1.1 | 64.83 | 40.96 | 105.79 | OK | |
r-release-macos-arm64 | 0.1.1 | 50.00 | OK | |||
r-release-macos-x86_64 | 0.1.1 | 57.00 | OK | |||
r-release-windows-x86_64 | 0.1.1 | 67.00 | 86.00 | 153.00 | OK | |
r-oldrel-macos-arm64 | 0.1.1 | 129.00 | NOTE | |||
r-oldrel-macos-x86_64 | 0.1.1 | 62.00 | OK | |||
r-oldrel-windows-x86_64 | 0.1.1 | 80.00 | 102.00 | 182.00 | OK |
Version: 0.1.1
Check: installed package size
Result: NOTE
installed size is 5.1Mb
sub-directories of 1Mb or more:
libs 4.9Mb
Flavor: r-oldrel-macos-arm64