CRAN Package Check Results for Package multivator

Last updated on 2025-02-09 22:50:15 CET.

Flavor Version Tinstall Tcheck Ttotal Status Flags
r-devel-linux-x86_64-debian-clang 1.1-11 5.42 73.68 79.10 OK
r-devel-linux-x86_64-debian-gcc 1.1-11 3.31 55.77 59.08 OK
r-devel-linux-x86_64-fedora-clang 1.1-11 127.00 OK
r-devel-linux-x86_64-fedora-gcc 1.1-11 136.75 OK
r-devel-windows-x86_64 1.1-11 6.00 137.00 143.00 OK
r-patched-linux-x86_64 1.1-11 5.80 71.75 77.55 OK
r-release-linux-x86_64 1.1-11 4.44 73.08 77.52 OK
r-release-macos-arm64 1.1-11 65.00 WARN
r-release-macos-x86_64 1.1-11 92.00 OK
r-release-windows-x86_64 1.1-11 8.00 140.00 148.00 OK
r-oldrel-macos-arm64 1.1-11 74.00 NOTE
r-oldrel-macos-x86_64 1.1-11 197.00 OK
r-oldrel-windows-x86_64 1.1-11 6.00 143.00 149.00 OK

Check Details

Version: 1.1-11
Check: re-building of vignette outputs
Result: WARN Error(s) in re-building vignettes: --- re-building ‘cias.Rnw’ using Sweave Attaching package: ‘multivator’ The following objects are masked from ‘package:base’: levels, rbind --- finished re-building ‘cias.Rnw’ --- re-building ‘multivator.Rnw’ using Sweave Attaching package: 'multivator' The following objects are masked from 'package:base': levels, rbind Error: processing vignette 'multivator.Rnw' failed with diagnostics: Running 'texi2dvi' on 'multivator.tex' failed. LaTeX errors: !pdfTeX error: pdflatex (file bbm10): Font bbm10 at 657 not found ==> Fatal error occurred, no output PDF file produced! --- failed re-building 'multivator.Rnw' SUMMARY: processing the following file failed: ‘multivator.Rnw’ Error: Vignette re-building failed. Execution halted Flavor: r-release-macos-arm64

Version: 1.1-11
Check: re-building of vignette outputs
Result: NOTE Error(s) in re-building vignettes: --- re-building ‘cias.Rnw’ using Sweave Attaching package: ‘multivator’ The following objects are masked from ‘package:base’: levels, rbind --- finished re-building ‘cias.Rnw’ --- re-building ‘multivator.Rnw’ using Sweave Attaching package: 'multivator' The following objects are masked from 'package:base': levels, rbind Error: processing vignette 'multivator.Rnw' failed with diagnostics: Running 'texi2dvi' on 'multivator.tex' failed. LaTeX errors: !pdfTeX error: pdflatex (file bbm10): Font bbm10 at 657 not found ==> Fatal error occurred, no output PDF file produced! --- failed re-building 'multivator.Rnw' SUMMARY: processing the following file failed: ‘multivator.Rnw’ Error: Vignette re-building failed. Execution halted Flavor: r-oldrel-macos-arm64