Last updated on 2023-11-30 10:48:54 CET.
Flavor | Version | Tinstall | Tcheck | Ttotal | Status | Flags |
---|---|---|---|---|---|---|
r-devel-linux-x86_64-debian-clang | 0.6.1 | 8.69 | 117.85 | 126.54 | NOTE | |
r-devel-linux-x86_64-debian-gcc | 0.6.1 | 7.17 | 87.48 | 94.65 | NOTE | |
r-devel-linux-x86_64-fedora-clang | 0.6.1 | 152.07 | OK | |||
r-devel-linux-x86_64-fedora-gcc | 0.6.1 | 166.52 | OK | |||
r-devel-windows-x86_64 | 0.6.1 | 9.00 | 113.00 | 122.00 | OK | |
r-patched-linux-x86_64 | 0.6.1 | 5.76 | 110.90 | 116.66 | OK | |
r-release-linux-x86_64 | 0.6.1 | 5.07 | 109.59 | 114.66 | OK | |
r-release-macos-arm64 | 0.6.1 | 66.00 | OK | |||
r-release-macos-x86_64 | 0.6.1 | 99.00 | OK | |||
r-release-windows-x86_64 | 0.6.1 | 11.00 | 131.00 | 142.00 | OK | |
r-oldrel-macos-arm64 | 0.6.1 | 49.00 | OK | |||
r-oldrel-macos-x86_64 | 0.6.1 | 64.00 | OK | |||
r-oldrel-windows-x86_64 | 0.6.1 | 12.00 | 140.00 | 152.00 | OK |
Version: 0.6.1
Check: Rd files
Result: NOTE
checkRd: (-1) durante.Rd:60-61: Lost braces
60 | in their study, \doi{10.1177/0956797612466416}{\emph{The
| ^
checkRd: (-1) hurricane.Rd:34: Lost braces
34 | in their study, \doi{10.1073/pnas.1402786111}{\emph{Female hurricanes are deadlier than male hurricanes}}.
| ^
checkRd: (-1) userlogs.Rd:33: Lost braces
33 | \doi{10.1145/2470654.2481359}{Evaluating the Efficiency of Physical Visualizations}
| ^
Flavors: r-devel-linux-x86_64-debian-clang, r-devel-linux-x86_64-debian-gcc