Last updated on 2025-04-30 08:53:03 CEST.
Flavor | Version | Tinstall | Tcheck | Ttotal | Status | Flags |
---|---|---|---|---|---|---|
r-devel-linux-x86_64-debian-clang | 2.1.1 | 12.77 | 91.56 | 104.33 | NOTE | |
r-devel-linux-x86_64-debian-gcc | 2.1.1 | 7.87 | 62.95 | 70.82 | NOTE | |
r-devel-linux-x86_64-fedora-clang | 2.1.1 | 151.12 | OK | |||
r-devel-linux-x86_64-fedora-gcc | 2.1.1 | 155.45 | OK | |||
r-devel-windows-x86_64 | 2.1.1 | 13.00 | 111.00 | 124.00 | OK | |
r-patched-linux-x86_64 | 2.1.1 | 12.28 | 85.09 | 97.37 | OK | |
r-release-linux-x86_64 | 2.1.1 | 10.25 | 85.41 | 95.66 | OK | |
r-release-macos-arm64 | 2.1.1 | 89.00 | OK | |||
r-release-macos-x86_64 | 2.1.1 | 88.00 | OK | |||
r-release-windows-x86_64 | 2.1.1 | 14.00 | 106.00 | 120.00 | OK | |
r-oldrel-macos-arm64 | 2.1.1 | 49.00 | OK | |||
r-oldrel-macos-x86_64 | 2.1.1 | 72.00 | OK | |||
r-oldrel-windows-x86_64 | 2.1.1 | 17.00 | 128.00 | 145.00 | OK |
Version: 2.1.1
Check: CRAN incoming feasibility
Result: NOTE
Maintainer: ‘Damiano Fantini <damiano.fantini@gmail.com>’
No Authors@R field in DESCRIPTION.
Please add one, modifying
Authors@R: c(person(given = "Damiano",
family = "Fantini",
role = c("aut", "cre"),
email = "damiano.fantini@gmail.com"),
person(given = "Vania",
family = "Vidimar",
role = "aut"),
person(given = c("Joshua", "J"),
family = "Meeks",
role = "aut"))
as necessary.
Flavors: r-devel-linux-x86_64-debian-clang, r-devel-linux-x86_64-debian-gcc