CRAN Package Check Results for Package myTAI

Last updated on 2024-06-17 15:02:23 CEST.

Flavor Version Tinstall Tcheck Ttotal Status Flags
r-devel-linux-x86_64-debian-clang 0.9.3 37.25 196.75 234.00 NOTE
r-devel-linux-x86_64-debian-gcc 0.9.3 24.95 152.65 177.60 NOTE
r-devel-linux-x86_64-fedora-clang 0.9.3 330.73 NOTE
r-devel-linux-x86_64-fedora-gcc 0.9.3 314.14 NOTE
r-devel-windows-x86_64 0.9.3 33.00 201.00 234.00 NOTE
r-patched-linux-x86_64 0.9.3 24.12 184.97 209.09 NOTE
r-release-linux-x86_64 0.9.3 28.88 184.39 213.27 NOTE
r-release-macos-arm64 0.9.3 111.00 NOTE
r-release-macos-x86_64 0.9.3 166.00 NOTE
r-release-windows-x86_64 0.9.3 30.00 207.00 237.00 NOTE
r-oldrel-macos-arm64 0.9.3 120.00 NOTE
r-oldrel-macos-x86_64 0.9.3 187.00 NOTE
r-oldrel-windows-x86_64 0.9.3 36.00 249.00 285.00 NOTE

Check Details

Version: 0.9.3
Check: C++ specification
Result: NOTE Specified C++11: please drop specification unless essential Flavors: r-devel-linux-x86_64-debian-clang, r-devel-linux-x86_64-debian-gcc, r-devel-linux-x86_64-fedora-clang, r-devel-linux-x86_64-fedora-gcc, r-devel-windows-x86_64, r-patched-linux-x86_64, r-release-linux-x86_64, r-release-macos-arm64, r-release-macos-x86_64, r-release-windows-x86_64, r-oldrel-macos-arm64, r-oldrel-macos-x86_64, r-oldrel-windows-x86_64