Last updated on 2024-08-31 22:49:44 CEST.
Flavor | Version | Tinstall | Tcheck | Ttotal | Status | Flags |
---|---|---|---|---|---|---|
r-devel-linux-x86_64-debian-clang | 0.9.3 | 22.28 | 156.54 | 178.82 | NOTE | |
r-devel-linux-x86_64-debian-gcc | 0.9.3 | 15.63 | 112.61 | 128.24 | NOTE | |
r-devel-linux-x86_64-fedora-clang | 0.9.3 | 336.04 | WARN | |||
r-devel-linux-x86_64-fedora-gcc | 0.9.3 | 321.15 | WARN | |||
r-devel-windows-x86_64 | 0.9.3 | 26.00 | 207.00 | 233.00 | NOTE | |
r-patched-linux-x86_64 | 0.9.3 | 22.28 | 151.72 | 174.00 | NOTE | |
r-release-linux-x86_64 | 0.9.3 | 17.18 | 151.24 | 168.42 | NOTE | |
r-release-macos-arm64 | 0.9.3 | 111.00 | NOTE | |||
r-release-macos-x86_64 | 0.9.3 | 166.00 | NOTE | |||
r-release-windows-x86_64 | 0.9.3 | 27.00 | 208.00 | 235.00 | NOTE | |
r-oldrel-macos-arm64 | 0.9.3 | 120.00 | NOTE | |||
r-oldrel-macos-x86_64 | 0.9.3 | 187.00 | NOTE | |||
r-oldrel-windows-x86_64 | 0.9.3 | 34.00 | 259.00 | 293.00 | NOTE |
Version: 0.9.3
Check: C++ specification
Result: NOTE
Specified C++11: please drop specification unless essential
Flavors: r-devel-linux-x86_64-debian-clang, r-devel-linux-x86_64-debian-gcc, r-devel-linux-x86_64-fedora-clang, r-devel-linux-x86_64-fedora-gcc, r-devel-windows-x86_64, r-patched-linux-x86_64, r-release-linux-x86_64, r-release-macos-arm64, r-release-macos-x86_64, r-release-windows-x86_64, r-oldrel-macos-arm64, r-oldrel-macos-x86_64, r-oldrel-windows-x86_64
Version: 0.9.3
Check: package dependencies
Result: WARN
Requires orphaned package: ‘taxize’
Flavors: r-devel-linux-x86_64-fedora-clang, r-devel-linux-x86_64-fedora-gcc