CRAN Package Check Results for Package nLTT

Last updated on 2023-11-30 16:49:30 CET.

Flavor Version Tinstall Tcheck Ttotal Status Flags
r-devel-linux-x86_64-debian-clang 1.4.9 3.87 95.29 99.16 NOTE
r-devel-linux-x86_64-debian-gcc 1.4.9 2.77 68.45 71.22 NOTE
r-devel-linux-x86_64-fedora-clang 1.4.9 119.63 OK
r-devel-linux-x86_64-fedora-gcc 1.4.9 125.05 OK
r-devel-windows-x86_64 1.4.9 4.00 93.00 97.00 OK
r-patched-linux-x86_64 1.4.9 3.21 93.33 96.54 OK
r-release-linux-x86_64 1.4.9 3.32 91.91 95.23 OK
r-release-macos-arm64 1.4.9 51.00 OK
r-release-macos-x86_64 1.4.9 92.00 OK
r-release-windows-x86_64 1.4.9 5.00 107.00 112.00 OK
r-oldrel-macos-arm64 1.4.9 37.00 OK
r-oldrel-macos-x86_64 1.4.9 59.00 OK
r-oldrel-windows-x86_64 1.4.9 5.00 105.00 110.00 OK

Check Details

Version: 1.4.9
Check: Rd files
Result: NOTE checkRd: (-1) check_input_event_times.Rd:16-17: Lost braces in \itemize; meant \describe ? checkRd: (-1) check_input_event_times.Rd:18-19: Lost braces in \itemize; meant \describe ? checkRd: (-1) check_time_unit.Rd:12-13: Lost braces in \itemize; meant \describe ? checkRd: (-1) check_time_unit.Rd:14-15: Lost braces in \itemize; meant \describe ? checkRd: (-1) default_params_doc.Rd:30-31: Lost braces in \itemize; meant \describe ? checkRd: (-1) default_params_doc.Rd:32-33: Lost braces in \itemize; meant \describe ? checkRd: (-1) nltt_diff_exact_brts.Rd:30: Lost braces in \itemize; meant \describe ? checkRd: (-1) nltt_diff_exact_brts.Rd:31: Lost braces in \itemize; meant \describe ? checkRd: (-1) nltt_diff_exact_brts.Rd:36-37: Lost braces in \itemize; meant \describe ? checkRd: (-1) nltt_diff_exact_brts.Rd:38-39: Lost braces in \itemize; meant \describe ? checkRd: (-1) nltt_diff_exact_extinct.Rd:31: Lost braces in \itemize; meant \describe ? checkRd: (-1) nltt_diff_exact_extinct.Rd:32: Lost braces in \itemize; meant \describe ? checkRd: (-1) nltt_diff_exact_extinct.Rd:37-38: Lost braces in \itemize; meant \describe ? checkRd: (-1) nltt_diff_exact_extinct.Rd:39-40: Lost braces in \itemize; meant \describe ? Flavors: r-devel-linux-x86_64-debian-clang, r-devel-linux-x86_64-debian-gcc