Last updated on 2024-04-17 23:00:00 CEST.
Flavor | Version | Tinstall | Tcheck | Ttotal | Status | Flags |
---|---|---|---|---|---|---|
r-devel-linux-x86_64-debian-clang | 1.22 | 8.62 | 43.73 | 52.35 | OK | |
r-devel-linux-x86_64-debian-gcc | 1.22 | 7.22 | 31.13 | 38.35 | OK | |
r-devel-linux-x86_64-fedora-clang | 1.22 | 66.26 | OK | |||
r-devel-linux-x86_64-fedora-gcc | 1.22 | 65.30 | OK | |||
r-prerel-macos-arm64 | 1.22 | 24.00 | NOTE | |||
r-prerel-windows-x86_64 | 1.22 | 4.00 | 2.00 | 6.00 | ERROR | |
r-patched-linux-x86_64 | 1.22 | 8.99 | 40.97 | 49.96 | OK | |
r-release-linux-x86_64 | 1.22 | 7.76 | 40.13 | 47.89 | OK | |
r-release-macos-arm64 | 1.22 | 31.00 | NOTE | |||
r-release-macos-x86_64 | 1.22 | 66.00 | NOTE | |||
r-release-windows-x86_64 | 1.22 | 23.00 | 208.00 | 231.00 | NOTE | |
r-oldrel-macos-arm64 | 1.22 | 26.00 | NOTE | |||
r-oldrel-windows-x86_64 | 1.22 | 16.00 | 112.00 | 128.00 | NOTE |
Version: 1.22
Check: installed package size
Result: NOTE
installed size is 6.0Mb
sub-directories of 1Mb or more:
libs 5.6Mb
Flavors: r-prerel-macos-arm64, r-release-macos-arm64, r-release-macos-x86_64, r-release-windows-x86_64, r-oldrel-macos-arm64, r-oldrel-windows-x86_64
Version: 1.22
Check: whether package can be installed
Result: ERROR
Installation failed.
Flavor: r-prerel-windows-x86_64