CRAN Package Check Results for Package ndi

Last updated on 2024-07-25 12:46:26 CEST.

Flavor Version Tinstall Tcheck Ttotal Status Flags
r-devel-linux-x86_64-debian-clang 0.1.5 16.09 144.51 160.60 OK
r-devel-linux-x86_64-debian-gcc 0.1.5 12.75 108.46 121.21 NOTE
r-devel-linux-x86_64-fedora-clang 0.1.5 215.71 OK
r-devel-linux-x86_64-fedora-gcc 0.1.5 199.30 OK
r-devel-windows-x86_64 0.1.5 15.00 117.00 132.00 NOTE
r-patched-linux-x86_64 0.1.5 OK
r-release-linux-x86_64 0.1.5 11.23 136.15 147.38 OK
r-release-macos-arm64 0.1.5 61.00 OK
r-release-macos-x86_64 0.1.5 89.00 OK
r-release-windows-x86_64 0.1.5 16.00 120.00 136.00 OK
r-oldrel-macos-arm64 0.1.5 74.00 OK
r-oldrel-macos-x86_64 0.1.5 147.00 OK
r-oldrel-windows-x86_64 0.1.5 20.00 145.00 165.00 OK

Check Details

Version: 0.1.5
Check: Rd cross-references
Result: NOTE Found the following Rd file(s) with Rd \link{} targets missing package anchors: ndi-package.Rd: tidycensus, psych, sf, Matrix Please provide package anchors for all Rd \link{} targets not in the package itself and the base packages. Flavors: r-devel-linux-x86_64-debian-gcc, r-devel-windows-x86_64