Last updated on 2024-08-31 22:49:44 CEST.
Flavor | Version | Tinstall | Tcheck | Ttotal | Status | Flags |
---|---|---|---|---|---|---|
r-devel-linux-x86_64-debian-clang | 2.0.48 | 12.91 | 105.10 | 118.01 | NOTE | |
r-devel-linux-x86_64-debian-gcc | 2.0.48 | 9.61 | 73.89 | 83.50 | NOTE | |
r-devel-linux-x86_64-fedora-clang | 2.0.48 | 200.83 | NOTE | |||
r-devel-linux-x86_64-fedora-gcc | 2.0.48 | 202.31 | NOTE | |||
r-devel-windows-x86_64 | 2.0.48 | 14.00 | 130.00 | 144.00 | NOTE | |
r-patched-linux-x86_64 | 2.0.48 | 19.76 | 98.34 | 118.10 | OK | |
r-release-linux-x86_64 | 2.0.48 | 11.11 | 97.26 | 108.37 | OK | |
r-release-macos-arm64 | 2.0.48 | 56.00 | OK | |||
r-release-macos-x86_64 | 2.0.48 | 79.00 | OK | |||
r-release-windows-x86_64 | 2.0.48 | 15.00 | 122.00 | 137.00 | OK | |
r-oldrel-macos-arm64 | 2.0.48 | 67.00 | OK | |||
r-oldrel-macos-x86_64 | 2.0.48 | 98.00 | OK | |||
r-oldrel-windows-x86_64 | 2.0.48 | 18.00 | 150.00 | 168.00 | OK |
Version: 2.0.48
Check: Rd cross-references
Result: NOTE
Found the following Rd file(s) with Rd \link{} targets missing package
anchors:
asGallery.Rd: network_rd3
fromIgraph.Rd: network_rd3
toIgraph.Rd: network_rd3
Please provide package anchors for all Rd \link{} targets not in the
package itself and the base packages.
Flavors: r-devel-linux-x86_64-debian-clang, r-devel-linux-x86_64-debian-gcc, r-devel-windows-x86_64
Version: 2.0.48
Check: data for non-ASCII characters
Result: NOTE
Note: found 21 marked UTF-8 strings
Flavors: r-devel-linux-x86_64-fedora-clang, r-devel-linux-x86_64-fedora-gcc