Last updated on 2024-07-27 16:49:14 CEST.
Flavor | Version | Tinstall | Tcheck | Ttotal | Status | Flags |
---|---|---|---|---|---|---|
r-devel-linux-x86_64-debian-clang | 2.1.7 | 5.92 | 431.05 | 436.97 | OK | |
r-devel-linux-x86_64-debian-gcc | 2.1.7 | OK | ||||
r-devel-linux-x86_64-fedora-clang | 2.1.7 | 526.74 | NOTE | |||
r-devel-linux-x86_64-fedora-gcc | 2.1.7 | 517.09 | NOTE | |||
r-devel-windows-x86_64 | 2.1.7 | 9.00 | 288.00 | 297.00 | OK | |
r-patched-linux-x86_64 | 2.1.7 | OK | ||||
r-release-linux-x86_64 | 2.1.7 | 4.88 | 414.00 | 418.88 | OK | |
r-release-macos-arm64 | 2.1.7 | 144.00 | OK | |||
r-release-macos-x86_64 | 2.1.7 | 331.00 | OK | |||
r-release-windows-x86_64 | 2.1.7 | 7.00 | 288.00 | 295.00 | OK | |
r-oldrel-macos-arm64 | 2.1.7 | 213.00 | OK | |||
r-oldrel-macos-x86_64 | 2.1.7 | 527.00 | OK | |||
r-oldrel-windows-x86_64 | 2.1.7 | 9.00 | 371.00 | 380.00 | OK |
Version: 2.1.7
Check: dependencies in R code
Result: NOTE
Namespaces in Imports field not imported from:
‘ggfortify’ ‘ggplot2’ ‘ggraph’ ‘reshape2’
All declared Imports should be used.
Flavors: r-devel-linux-x86_64-fedora-clang, r-devel-linux-x86_64-fedora-gcc