Last updated on 2025-04-30 00:49:52 CEST.
Flavor | Version | Tinstall | Tcheck | Ttotal | Status | Flags |
---|---|---|---|---|---|---|
r-devel-linux-x86_64-debian-clang | 1.3.1 | 13.81 | 203.55 | 217.36 | OK | |
r-devel-linux-x86_64-debian-gcc | 1.3.1 | 10.46 | 136.32 | 146.78 | OK | |
r-devel-linux-x86_64-fedora-clang | 1.3.1 | 337.85 | OK | |||
r-devel-linux-x86_64-fedora-gcc | 1.3.1 | 338.43 | OK | |||
r-devel-windows-x86_64 | 1.3.1 | 17.00 | 205.00 | 222.00 | OK | |
r-patched-linux-x86_64 | 1.3.1 | 12.15 | 187.62 | 199.77 | OK | |
r-release-linux-x86_64 | 1.3.1 | 14.91 | 186.98 | 201.89 | OK | |
r-release-macos-arm64 | 1.3.1 | 92.00 | OK | |||
r-release-macos-x86_64 | 1.3.1 | 209.00 | OK | |||
r-release-windows-x86_64 | 1.3.1 | 16.00 | 200.00 | 216.00 | OK | |
r-oldrel-macos-arm64 | 1.3.1 | 107.00 | NOTE | |||
r-oldrel-macos-x86_64 | 1.3.1 | 191.00 | NOTE | |||
r-oldrel-windows-x86_64 | 1.3.1 | 21.00 | 234.00 | 255.00 | NOTE |
Version: 1.3.1
Check: installed package size
Result: NOTE
installed size is 7.4Mb
sub-directories of 1Mb or more:
data 1.6Mb
doc 5.1Mb
Flavors: r-oldrel-macos-arm64, r-oldrel-macos-x86_64, r-oldrel-windows-x86_64