Last updated on 2024-04-28 06:56:08 CEST.
Flavor | Version | Tinstall | Tcheck | Ttotal | Status | Flags |
---|---|---|---|---|---|---|
r-devel-linux-x86_64-debian-clang | 0.2.1 | 15.30 | 83.64 | 98.94 | OK | |
r-devel-linux-x86_64-debian-gcc | 0.2.1 | 9.55 | 65.54 | 75.09 | OK | |
r-devel-linux-x86_64-fedora-clang | 0.2.1 | 127.01 | NOTE | |||
r-devel-linux-x86_64-fedora-gcc | 0.2.1 | 123.35 | NOTE | |||
r-devel-windows-x86_64 | 0.2.1 | 13.00 | 83.00 | 96.00 | OK | |
r-patched-linux-x86_64 | 0.2.1 | 15.36 | 81.97 | 97.33 | OK | |
r-release-linux-x86_64 | 0.2.1 | 14.99 | 82.46 | 97.45 | OK | |
r-release-macos-arm64 | 0.2.1 | 39.00 | OK | |||
r-release-macos-x86_64 | 0.2.1 | 107.00 | OK | |||
r-release-windows-x86_64 | 0.2.1 | 13.00 | 82.00 | 95.00 | OK | |
r-oldrel-macos-arm64 | 0.2.1 | 46.00 | OK | |||
r-oldrel-macos-x86_64 | 0.2.1 | 90.00 | OK | |||
r-oldrel-windows-x86_64 | 0.2.1 | 17.00 | 94.00 | 111.00 | OK |
Version: 0.2.1
Check: dependencies in R code
Result: NOTE
Namespace in Imports field not imported from: ‘methods’
All declared Imports should be used.
Flavors: r-devel-linux-x86_64-fedora-clang, r-devel-linux-x86_64-fedora-gcc