Last updated on 2024-08-31 22:49:44 CEST.
Flavor | Version | Tinstall | Tcheck | Ttotal | Status | Flags |
---|---|---|---|---|---|---|
r-devel-linux-x86_64-debian-clang | 0.3.2 | 5.79 | 49.79 | 55.58 | OK | |
r-devel-linux-x86_64-debian-gcc | 0.3.2 | 4.51 | 34.84 | 39.35 | OK | |
r-devel-linux-x86_64-fedora-clang | 0.3.2 | 90.40 | NOTE | |||
r-devel-linux-x86_64-fedora-gcc | 0.3.2 | 95.62 | NOTE | |||
r-devel-windows-x86_64 | 0.3.2 | 7.00 | 69.00 | 76.00 | OK | |
r-patched-linux-x86_64 | 0.3.2 | 5.24 | 46.09 | 51.33 | OK | |
r-release-linux-x86_64 | 0.3.2 | 5.75 | 45.83 | 51.58 | OK | |
r-release-macos-arm64 | 0.3.2 | 41.00 | OK | |||
r-release-macos-x86_64 | 0.3.2 | 89.00 | OK | |||
r-release-windows-x86_64 | 0.3.2 | 9.00 | 73.00 | 82.00 | OK | |
r-oldrel-macos-arm64 | 0.3.2 | 38.00 | OK | |||
r-oldrel-macos-x86_64 | 0.3.2 | 56.00 | OK | |||
r-oldrel-windows-x86_64 | 0.3.2 | 9.00 | 76.00 | 85.00 | OK |
Version: 0.3.2
Check: data for non-ASCII characters
Result: NOTE
Note: found 4 marked UTF-8 strings
Flavors: r-devel-linux-x86_64-fedora-clang, r-devel-linux-x86_64-fedora-gcc