Last updated on 2024-05-02 06:11:56 CEST.
Flavor | Version | Tinstall | Tcheck | Ttotal | Status | Flags |
---|---|---|---|---|---|---|
r-devel-linux-x86_64-debian-clang | 0.1.3 | 52.42 | 893.85 | 946.27 | OK | |
r-devel-linux-x86_64-debian-gcc | 0.1.3 | 42.38 | 657.21 | 699.59 | OK | |
r-devel-linux-x86_64-fedora-clang | 0.1.3 | 1141.03 | NOTE | |||
r-devel-linux-x86_64-fedora-gcc | 0.1.3 | 1213.88 | OK | |||
r-devel-windows-x86_64 | 0.1.3 | 56.00 | 940.00 | 996.00 | NOTE | |
r-patched-linux-x86_64 | 0.1.3 | 52.39 | 871.87 | 924.26 | OK | |
r-release-linux-x86_64 | 0.1.3 | 48.47 | 862.86 | 911.33 | OK | |
r-release-macos-arm64 | 0.1.3 | 353.00 | NOTE | |||
r-release-windows-x86_64 | 0.1.3 | 57.00 | 898.00 | 955.00 | NOTE | |
r-oldrel-macos-arm64 | 0.1.3 | 392.00 | NOTE | |||
r-oldrel-macos-x86_64 | 0.1.3 | 768.00 | NOTE | |||
r-oldrel-windows-x86_64 | 0.1.3 | 66.00 | 1046.00 | 1112.00 | NOTE |
Version: 0.1.3
Check: installed package size
Result: NOTE
installed size is 9.0Mb
sub-directories of 1Mb or more:
doc 1.7Mb
libs 3.3Mb
mods 3.4Mb
Flavors: r-devel-linux-x86_64-fedora-clang, r-devel-windows-x86_64, r-release-macos-arm64, r-release-windows-x86_64, r-oldrel-macos-arm64, r-oldrel-macos-x86_64, r-oldrel-windows-x86_64