Last updated on 2023-12-05 15:55:13 CET.
Flavor | Version | Tinstall | Tcheck | Ttotal | Status | Flags |
---|---|---|---|---|---|---|
r-devel-linux-x86_64-debian-clang | 1.0.3 | 9.53 | 94.17 | 103.70 | NOTE | |
r-devel-linux-x86_64-debian-gcc | 1.0.3 | 7.15 | 67.80 | 74.95 | NOTE | |
r-devel-linux-x86_64-fedora-clang | 1.0.3 | 123.16 | OK | |||
r-devel-linux-x86_64-fedora-gcc | 1.0.3 | 117.92 | OK | |||
r-devel-windows-x86_64 | 1.0.3 | 10.00 | 87.00 | 97.00 | OK | |
r-patched-linux-x86_64 | 1.0.3 | 13.79 | 89.29 | 103.08 | OK | |
r-release-linux-x86_64 | 1.0.3 | 5.61 | 91.22 | 96.83 | OK | |
r-release-macos-arm64 | 1.0.3 | 37.00 | OK | |||
r-release-macos-x86_64 | 1.0.3 | 59.00 | OK | |||
r-release-windows-x86_64 | 1.0.3 | 12.00 | 101.00 | 113.00 | OK | |
r-oldrel-macos-arm64 | 1.0.3 | 36.00 | OK | |||
r-oldrel-macos-x86_64 | 1.0.3 | 70.00 | OK | |||
r-oldrel-windows-x86_64 | 1.0.3 | 12.00 | 105.00 | 117.00 | OK |
Version: 1.0.3
Check: Rd files
Result: NOTE
checkRd: (-1) Lm.test.Rd:21: Lost braces in \itemize; \value handles \item{}{} directly
checkRd: (-1) Lm.test.Rd:22: Lost braces in \itemize; \value handles \item{}{} directly
checkRd: (-1) Lm.test.Rd:23: Lost braces in \itemize; \value handles \item{}{} directly
checkRd: (-1) Lm.test.Rd:24: Lost braces in \itemize; \value handles \item{}{} directly
checkRd: (-1) Lm.test.Rd:25: Lost braces in \itemize; \value handles \item{}{} directly
checkRd: (-1) Lm.test.Rd:26: Lost braces in \itemize; \value handles \item{}{} directly
checkRd: (-1) epps.test.Rd:16: Lost braces in \itemize; \value handles \item{}{} directly
checkRd: (-1) epps.test.Rd:17: Lost braces in \itemize; \value handles \item{}{} directly
checkRd: (-1) epps.test.Rd:18: Lost braces in \itemize; \value handles \item{}{} directly
checkRd: (-1) epps.test.Rd:19: Lost braces in \itemize; \value handles \item{}{} directly
checkRd: (-1) epps.test.Rd:20: Lost braces in \itemize; \value handles \item{}{} directly
checkRd: (-1) epps.test.Rd:21: Lost braces in \itemize; \value handles \item{}{} directly
checkRd: (-1) lobato.test.Rd:19: Lost braces in \itemize; \value handles \item{}{} directly
checkRd: (-1) lobato.test.Rd:20: Lost braces in \itemize; \value handles \item{}{} directly
checkRd: (-1) lobato.test.Rd:21: Lost braces in \itemize; \value handles \item{}{} directly
checkRd: (-1) lobato.test.Rd:22: Lost braces in \itemize; \value handles \item{}{} directly
checkRd: (-1) lobato.test.Rd:23: Lost braces in \itemize; \value handles \item{}{} directly
checkRd: (-1) lobato.test.Rd:24: Lost braces in \itemize; \value handles \item{}{} directly
checkRd: (-1) rp.sample.Rd:27: Lost braces in \itemize; \value handles \item{}{} directly
checkRd: (-1) rp.sample.Rd:28: Lost braces in \itemize; \value handles \item{}{} directly
checkRd: (-1) rp.test.Rd:33: Lost braces in \itemize; \value handles \item{}{} directly
checkRd: (-1) rp.test.Rd:34: Lost braces in \itemize; \value handles \item{}{} directly
checkRd: (-1) rp.test.Rd:35: Lost braces in \itemize; \value handles \item{}{} directly
checkRd: (-1) rp.test.Rd:36: Lost braces in \itemize; \value handles \item{}{} directly
checkRd: (-1) rp.test.Rd:37: Lost braces in \itemize; \value handles \item{}{} directly
checkRd: (-1) rp.test.Rd:38: Lost braces in \itemize; \value handles \item{}{} directly
checkRd: (-1) rp.test.Rd:39: Lost braces in \itemize; \value handles \item{}{} directly
checkRd: (-1) vavra.test.Rd:22: Lost braces in \itemize; \value handles \item{}{} directly
checkRd: (-1) vavra.test.Rd:23: Lost braces in \itemize; \value handles \item{}{} directly
checkRd: (-1) vavra.test.Rd:24: Lost braces in \itemize; \value handles \item{}{} directly
checkRd: (-1) vavra.test.Rd:25: Lost braces in \itemize; \value handles \item{}{} directly
checkRd: (-1) vavra.test.Rd:26: Lost braces in \itemize; \value handles \item{}{} directly
Flavors: r-devel-linux-x86_64-debian-clang, r-devel-linux-x86_64-debian-gcc