Last updated on 2024-05-02 08:57:50 CEST.
Flavor | Version | Tinstall | Tcheck | Ttotal | Status | Flags |
---|---|---|---|---|---|---|
r-devel-linux-x86_64-debian-clang | 0.5.1 | 5.47 | 39.41 | 44.88 | NOTE | |
r-devel-linux-x86_64-debian-gcc | 0.5.1 | 4.10 | 28.94 | 33.04 | NOTE | |
r-devel-linux-x86_64-fedora-clang | 0.5.1 | 54.34 | NOTE | |||
r-devel-linux-x86_64-fedora-gcc | 0.5.1 | 52.72 | NOTE | |||
r-devel-windows-x86_64 | 0.5.1 | 9.00 | 61.00 | 70.00 | NOTE | |
r-patched-linux-x86_64 | 0.5.1 | 5.84 | 37.82 | 43.66 | OK | |
r-release-linux-x86_64 | 0.5.1 | 4.80 | 36.33 | 41.13 | OK | |
r-release-macos-arm64 | 0.5.1 | 23.00 | OK | |||
r-release-windows-x86_64 | 0.5.1 | 10.00 | 60.00 | 70.00 | OK | |
r-oldrel-macos-arm64 | 0.5.1 | 41.00 | OK | |||
r-oldrel-macos-x86_64 | 0.5.1 | 81.00 | OK | |||
r-oldrel-windows-x86_64 | 0.5.1 | 8.00 | 62.00 | 70.00 | OK |
Version: 0.5.1
Check: compiled code
Result: NOTE
File ‘nseval/libs/nseval.so’:
Found non-API calls to R: ‘R_PromiseExpr’, ‘SET_PRCODE’, ‘SET_PRENV’,
‘SET_PRVALUE’
Compiled code should not call non-API entry points in R.
See ‘Writing portable packages’ in the ‘Writing R Extensions’ manual.
Flavors: r-devel-linux-x86_64-debian-clang, r-devel-linux-x86_64-debian-gcc, r-devel-linux-x86_64-fedora-clang, r-devel-linux-x86_64-fedora-gcc
Version: 0.5.1
Check: compiled code
Result: NOTE
File 'nseval/libs/x64/nseval.dll':
Found non-API calls to R: 'R_PromiseExpr', 'SET_PRCODE', 'SET_PRENV',
'SET_PRVALUE'
Compiled code should not call non-API entry points in R.
See 'Writing portable packages' in the 'Writing R Extensions' manual.
Flavor: r-devel-windows-x86_64