Last updated on 2025-04-30 07:55:15 CEST.
Flavor | Version | Tinstall | Tcheck | Ttotal | Status | Flags |
---|---|---|---|---|---|---|
r-devel-linux-x86_64-debian-clang | 0.3.1 | 19.42 | 211.64 | 231.06 | NOTE | |
r-devel-linux-x86_64-debian-gcc | 0.3.1 | 12.60 | 141.57 | 154.17 | NOTE | |
r-devel-linux-x86_64-fedora-clang | 0.3.1 | 340.95 | OK | |||
r-devel-linux-x86_64-fedora-gcc | 0.3.1 | 327.57 | OK | |||
r-devel-windows-x86_64 | 0.3.1 | 20.00 | 198.00 | 218.00 | OK | |
r-patched-linux-x86_64 | 0.3.1 | 19.69 | 196.46 | 216.15 | OK | |
r-release-linux-x86_64 | 0.3.1 | 17.69 | 197.30 | 214.99 | OK | |
r-release-macos-arm64 | 0.3.1 | 90.00 | OK | |||
r-release-macos-x86_64 | 0.3.1 | 182.00 | OK | |||
r-release-windows-x86_64 | 0.3.1 | 24.00 | 196.00 | 220.00 | OK | |
r-oldrel-macos-arm64 | 0.3.1 | 100.00 | OK | |||
r-oldrel-macos-x86_64 | 0.3.1 | 139.00 | OK | |||
r-oldrel-windows-x86_64 | 0.3.1 | 27.00 | 264.00 | 291.00 | OK |
Version: 0.3.1
Check: examples
Result: NOTE
Examples with CPU (user + system) or elapsed time > 5s
user system elapsed
plot_pc_input 10.339 0.012 13.918
correlation_test 5.686 0.146 7.551
Flavor: r-devel-linux-x86_64-debian-clang
Version: 0.3.1
Check: examples
Result: NOTE
Examples with CPU (user + system) or elapsed time > 5s
user system elapsed
plot_pc_input 6.092 0.095 7.826
Flavor: r-devel-linux-x86_64-debian-gcc