CRAN Package Check Results for Package odbc

Last updated on 2024-07-23 12:57:40 CEST.

Flavor Version Tinstall Tcheck Ttotal Status Flags
r-devel-linux-x86_64-debian-clang 1.5.0 95.90 81.32 177.22 OK
r-devel-linux-x86_64-debian-gcc 1.5.0 64.80 62.33 127.13 NOTE
r-devel-linux-x86_64-fedora-clang 1.5.0 287.94 OK
r-devel-linux-x86_64-fedora-gcc 1.5.0 263.61 OK
r-devel-windows-x86_64 1.5.0 109.00 107.00 216.00 NOTE
r-patched-linux-x86_64 1.5.0 100.88 80.12 181.00 OK
r-release-linux-x86_64 1.5.0 82.27 80.35 162.62 OK
r-release-macos-arm64 1.5.0 86.00 ERROR
r-release-macos-x86_64 1.5.0 163.00 ERROR
r-release-windows-x86_64 1.5.0 121.00 108.00 229.00 OK
r-oldrel-macos-arm64 1.5.0 78.00 ERROR
r-oldrel-macos-x86_64 1.5.0 108.00 ERROR
r-oldrel-windows-x86_64 1.5.0 123.00 123.00 246.00 OK

Additional issues

clang17 clang17

Check Details

Version: 1.5.0
Check: Rd cross-references
Result: NOTE Found the following Rd file(s) with Rd \link{} targets missing package anchors: DBI-methods.Rd: DBIConnection-class OdbcConnection.Rd: DBIObject-class, DBIDriver-class, DBIConnection-class, DBIResult-class, dbBind OdbcDriver.Rd: DBIDriver-class, DBIConnection-class OdbcResult.Rd: DBIResult-class, DBIObject-class, DBIDriver-class, DBIConnection-class databricks.Rd: DBIDriver-class, DBIConnection-class dbConnect-OdbcDriver-method.Rd: dbListTables, dbSendQuery, dbColumnInfo, dbFetch dbListTables-OdbcConnection-method.Rd: DBIConnection-class driver-Snowflake.Rd: DBIConnection-class odbcConnectionColumns.Rd: dbListFields, dbWriteTable odbcSetTransactionIsolationLevel.Rd: DBIConnection-class snowflake.Rd: DBIDriver-class, DBIConnection-class Please provide package anchors for all Rd \link{} targets not in the package itself and the base packages. Flavors: r-devel-linux-x86_64-debian-gcc, r-devel-windows-x86_64

Version: 1.5.0
Check: installed package size
Result: NOTE installed size is 11.4Mb sub-directories of 1Mb or more: libs 10.6Mb Flavors: r-release-macos-arm64, r-release-macos-x86_64, r-oldrel-macos-arm64, r-oldrel-macos-x86_64

Version: 1.5.0
Check: tests
Result: ERROR Running ‘testthat.R’ [3s/4s] Running the tests in ‘tests/testthat.R’ failed. Last 13 lines of output: 'test-utils.R:87:3', 'test-utils.R:94:3', 'test-utils.R:103:3', 'test-utils.R:112:3', 'test-utils.R:135:3', 'test-utils.R:150:3' • Secret ODBC_PWD_SNOWFLAKE not available. (2): 'test-driver-snowflake.R:4:5', 'test-driver-snowflake.R:154:5' ══ Failed tests ════════════════════════════════════════════════════════════════ ── Failure ('test-utils.R:144:3'): locate_install_unixodbc() returns reasonable values ── file.exists(res[1]) is not TRUE `actual`: FALSE `expected`: TRUE [ FAIL 1 | WARN 0 | SKIP 72 | PASS 77 ] Error: Test failures Execution halted Flavor: r-release-macos-arm64

Version: 1.5.0
Check: tests
Result: ERROR Running ‘testthat.R’ [5s/11s] Running the tests in ‘tests/testthat.R’ failed. Last 13 lines of output: 'test-utils.R:87:3', 'test-utils.R:94:3', 'test-utils.R:103:3', 'test-utils.R:112:3', 'test-utils.R:135:3', 'test-utils.R:150:3' • Secret ODBC_PWD_SNOWFLAKE not available. (2): 'test-driver-snowflake.R:4:5', 'test-driver-snowflake.R:154:5' ══ Failed tests ════════════════════════════════════════════════════════════════ ── Failure ('test-utils.R:144:3'): locate_install_unixodbc() returns reasonable values ── file.exists(res[1]) is not TRUE `actual`: FALSE `expected`: TRUE [ FAIL 1 | WARN 0 | SKIP 72 | PASS 77 ] Error: Test failures Execution halted Flavor: r-release-macos-x86_64

Version: 1.5.0
Check: tests
Result: ERROR Running ‘testthat.R’ [3s/3s] Running the tests in ‘tests/testthat.R’ failed. Last 13 lines of output: 'test-utils.R:87:3', 'test-utils.R:94:3', 'test-utils.R:103:3', 'test-utils.R:112:3', 'test-utils.R:135:3', 'test-utils.R:150:3' • Secret ODBC_PWD_SNOWFLAKE not available. (2): 'test-driver-snowflake.R:4:5', 'test-driver-snowflake.R:154:5' ══ Failed tests ════════════════════════════════════════════════════════════════ ── Failure ('test-utils.R:144:3'): locate_install_unixodbc() returns reasonable values ── file.exists(res[1]) is not TRUE `actual`: FALSE `expected`: TRUE [ FAIL 1 | WARN 0 | SKIP 72 | PASS 77 ] Error: Test failures Execution halted Flavor: r-oldrel-macos-arm64

Version: 1.5.0
Check: running R code from vignettes
Result: ERROR Errors in running code in vignettes: when running code in ‘benchmarks.Rmd’ ... > options(connectionObserver = NULL) > odbc <- dbConnect(odbc::odbc(), dsn = "MicrosoftSQLServer", + uid = "SA", pwd = "BoopBop123!") When sourcing ‘benchmarks.R’: Error: ! ODBC failed with error 00000 from [unixODBC][Driver Manager]. ✖ Data source name not found and no default driver specified ℹ From 'nanodbc/nanodbc.cpp:1150'. Execution halted ‘benchmarks.Rmd’ using ‘UTF-8’... failed ‘develop.Rmd’ using ‘UTF-8’... [0s/0s] OK ‘setup.Rmd’ using ‘UTF-8’... [0s/0s] OK Flavors: r-oldrel-macos-arm64, r-oldrel-macos-x86_64

Version: 1.5.0
Check: tests
Result: ERROR Running ‘testthat.R’ [4s/6s] Running the tests in ‘tests/testthat.R’ failed. Last 13 lines of output: 'test-utils.R:87:3', 'test-utils.R:94:3', 'test-utils.R:103:3', 'test-utils.R:112:3', 'test-utils.R:135:3', 'test-utils.R:150:3' • Secret ODBC_PWD_SNOWFLAKE not available. (2): 'test-driver-snowflake.R:4:5', 'test-driver-snowflake.R:154:5' ══ Failed tests ════════════════════════════════════════════════════════════════ ── Failure ('test-utils.R:144:3'): locate_install_unixodbc() returns reasonable values ── file.exists(res[1]) is not TRUE `actual`: FALSE `expected`: TRUE [ FAIL 1 | WARN 0 | SKIP 72 | PASS 77 ] Error: Test failures Execution halted Flavor: r-oldrel-macos-x86_64