Last updated on 2023-11-30 18:49:38 CET.
Flavor | Version | Tinstall | Tcheck | Ttotal | Status | Flags |
---|---|---|---|---|---|---|
r-devel-linux-x86_64-debian-clang | 1.0.1 | 15.49 | 263.98 | 279.47 | OK | |
r-devel-linux-x86_64-debian-gcc | 1.0.1 | 11.62 | 192.54 | 204.16 | OK | |
r-devel-linux-x86_64-fedora-clang | 1.0.1 | 343.26 | NOTE | |||
r-devel-linux-x86_64-fedora-gcc | 1.0.1 | 354.25 | OK | |||
r-devel-windows-x86_64 | 1.0.1 | 14.00 | 394.00 | 408.00 | NOTE | |
r-patched-linux-x86_64 | 1.0.1 | 11.04 | 256.02 | 267.06 | OK | |
r-release-linux-x86_64 | 1.0.1 | 8.73 | 253.59 | 262.32 | OK | |
r-release-macos-arm64 | 1.0.1 | 132.00 | NOTE | |||
r-release-macos-x86_64 | 1.0.1 | 418.00 | NOTE | |||
r-release-windows-x86_64 | 1.0.1 | 18.00 | 291.00 | 309.00 | NOTE | |
r-oldrel-macos-arm64 | 1.0.1 | 159.00 | NOTE | |||
r-oldrel-macos-x86_64 | 1.0.0 | 1803.00 | NOTE | |||
r-oldrel-windows-x86_64 | 1.0.1 | 18.00 | 294.00 | 312.00 | NOTE |
Version: 1.0.1
Check: installed package size
Result: NOTE
installed size is 6.8Mb
sub-directories of 1Mb or more:
doc 6.1Mb
Flavors: r-devel-linux-x86_64-fedora-clang, r-devel-windows-x86_64, r-release-macos-arm64, r-release-macos-x86_64, r-release-windows-x86_64, r-oldrel-macos-arm64, r-oldrel-windows-x86_64
Version: 1.0.0
Check: installed package size
Result: NOTE
installed size is 8.4Mb
sub-directories of 1Mb or more:
doc 7.7Mb
Flavor: r-oldrel-macos-x86_64