Last updated on 2024-07-27 16:49:15 CEST.
Flavor | Version | Tinstall | Tcheck | Ttotal | Status | Flags |
---|---|---|---|---|---|---|
r-devel-linux-x86_64-debian-clang | 0.1.2 | 4.15 | 93.29 | 97.44 | NOTE | |
r-devel-linux-x86_64-debian-gcc | 0.1.2 | NOTE | ||||
r-devel-linux-x86_64-fedora-clang | 0.1.2 | 102.65 | NOTE | |||
r-devel-linux-x86_64-fedora-gcc | 0.1.2 | 106.44 | NOTE | |||
r-devel-windows-x86_64 | 0.1.2 | 5.00 | 1200.00 | 1205.00 | NOTE | |
r-patched-linux-x86_64 | 0.1.2 | NOTE | ||||
r-release-linux-x86_64 | 0.1.2 | 2.15 | 83.00 | 85.15 | NOTE | |
r-release-macos-arm64 | 0.1.2 | 1246.00 | NOTE | |||
r-release-macos-x86_64 | 0.1.2 | 1306.00 | NOTE | |||
r-release-windows-x86_64 | 0.1.2 | 4.00 | 1179.00 | 1183.00 | NOTE | |
r-oldrel-macos-arm64 | 0.1.2 | 1159.00 | NOTE | |||
r-oldrel-macos-x86_64 | 0.1.2 | 1203.00 | NOTE | |||
r-oldrel-windows-x86_64 | 0.1.2 | 6.00 | 1342.00 | 1348.00 | NOTE |
Version: 0.1.2
Check: LazyData
Result: NOTE
'LazyData' is specified without a 'data' directory
Flavors: r-devel-linux-x86_64-debian-clang, r-devel-linux-x86_64-debian-gcc, r-devel-linux-x86_64-fedora-clang, r-devel-linux-x86_64-fedora-gcc, r-devel-windows-x86_64, r-patched-linux-x86_64, r-release-linux-x86_64, r-release-macos-arm64, r-release-macos-x86_64, r-release-windows-x86_64, r-oldrel-macos-arm64, r-oldrel-macos-x86_64, r-oldrel-windows-x86_64