Last updated on 2024-08-31 22:49:45 CEST.
Flavor | Version | Tinstall | Tcheck | Ttotal | Status | Flags |
---|---|---|---|---|---|---|
r-devel-linux-x86_64-debian-clang | 3.0.0 | 81.02 | 181.02 | 262.04 | OK | --no-vignettes |
r-devel-linux-x86_64-debian-gcc | 3.0.0 | 47.01 | 119.71 | 166.72 | OK | --no-vignettes |
r-devel-linux-x86_64-fedora-clang | 3.0.0 | 1209.91 | OK | |||
r-devel-linux-x86_64-fedora-gcc | 3.0.0 | 1201.85 | OK | |||
r-devel-windows-x86_64 | 3.0.0 | 65.00 | 619.00 | 684.00 | NOTE | |
r-patched-linux-x86_64 | 3.0.0 | 68.58 | 167.17 | 235.75 | OK | --no-vignettes |
r-release-linux-x86_64 | 3.0.0 | 67.61 | 166.76 | 234.37 | OK | --no-vignettes |
r-release-macos-arm64 | 3.0.0 | 289.00 | OK | |||
r-release-macos-x86_64 | 3.0.0 | 428.00 | OK | |||
r-release-windows-x86_64 | 3.0.0 | 67.00 | 602.00 | 669.00 | NOTE | |
r-oldrel-macos-arm64 | 3.0.0 | 342.00 | OK | |||
r-oldrel-macos-x86_64 | 3.0.0 | 458.00 | OK | |||
r-oldrel-windows-x86_64 | 3.0.0 | 89.00 | 769.00 | 858.00 | NOTE |
Version: 3.0.0
Check: C++ specification
Result: NOTE
Specified C++11: please drop specification unless essential
Flavors: r-devel-windows-x86_64, r-release-windows-x86_64, r-oldrel-windows-x86_64