Last updated on 2023-11-28 09:52:03 CET.
Flavor | Version | Tinstall | Tcheck | Ttotal | Status | Flags |
---|---|---|---|---|---|---|
r-devel-linux-x86_64-debian-clang | 1.1.1 | 9.85 | 147.16 | 157.01 | NOTE | |
r-devel-linux-x86_64-debian-gcc | 1.1.1 | 7.36 | 106.94 | 114.30 | NOTE | |
r-devel-linux-x86_64-fedora-clang | 1.1.1 | 184.71 | OK | |||
r-devel-linux-x86_64-fedora-gcc | 1.1.1 | 195.95 | OK | |||
r-devel-windows-x86_64 | 1.1.1 | 10.00 | 135.00 | 145.00 | OK | |
r-patched-linux-x86_64 | 1.1.1 | 7.97 | 138.81 | 146.78 | OK | |
r-release-linux-x86_64 | 1.1.1 | 5.79 | 138.67 | 144.46 | OK | |
r-release-macos-arm64 | 1.1.1 | 73.00 | OK | |||
r-release-macos-x86_64 | 1.1.1 | 97.00 | OK | |||
r-release-windows-x86_64 | 1.1.1 | 12.00 | 164.00 | 176.00 | OK | |
r-oldrel-macos-arm64 | 1.1.1 | 47.00 | OK | |||
r-oldrel-macos-x86_64 | 1.1.1 | 80.00 | OK | |||
r-oldrel-windows-x86_64 | 1.1.1 | 13.00 | 159.00 | 172.00 | OK |
Version: 1.1.1
Check: Rd files
Result: NOTE
checkRd: (-1) codeVA.Rd:30: Lost braces in \itemize; meant \describe ?
checkRd: (-1) codeVA.Rd:32: Lost braces in \itemize; meant \describe ?
checkRd: (-1) codeVA.Rd:33: Lost braces in \itemize; meant \describe ?
checkRd: (-1) codeVA.Rd:34: Lost braces in \itemize; meant \describe ?
checkRd: (-1) codeVA.Rd:58: Lost braces in \itemize; meant \describe ?
checkRd: (-1) interVA_train.Rd:32: Lost braces in \itemize; meant \describe ?
Flavors: r-devel-linux-x86_64-debian-clang, r-devel-linux-x86_64-debian-gcc