Last updated on 2025-02-04 16:49:19 CET.
Flavor | Version | Tinstall | Tcheck | Ttotal | Status | Flags |
---|---|---|---|---|---|---|
r-devel-linux-x86_64-debian-clang | 2.2.14 | 4.95 | 35.33 | 40.28 | OK | |
r-devel-linux-x86_64-debian-gcc | 2.2.14 | 3.26 | 27.60 | 30.86 | OK | |
r-devel-linux-x86_64-fedora-clang | 2.2.14 | 75.09 | OK | |||
r-devel-linux-x86_64-fedora-gcc | 2.2.14 | 74.99 | OK | |||
r-devel-windows-x86_64 | 2.2.14 | 7.00 | 53.00 | 60.00 | OK | |
r-patched-linux-x86_64 | 2.2.14 | 4.57 | 33.98 | 38.55 | OK | |
r-release-linux-x86_64 | 2.2.14 | 4.81 | 34.45 | 39.26 | OK | |
r-release-macos-arm64 | 2.2.14 | 29.00 | OK | |||
r-release-macos-x86_64 | 2.2.14 | 55.00 | OK | |||
r-release-windows-x86_64 | 2.2.14 | 6.00 | 53.00 | 59.00 | NOTE | |
r-oldrel-macos-arm64 | 2.2.14 | 34.00 | OK | |||
r-oldrel-macos-x86_64 | 2.2.14 | 48.00 | OK | |||
r-oldrel-windows-x86_64 | 2.2.14 | 7.00 | 57.00 | 64.00 | NOTE |
Version: 2.2.14
Check: package dependencies
Result: NOTE
Package suggested but not available for checking: 'unix'
Flavors: r-release-windows-x86_64, r-oldrel-windows-x86_64