CRAN Package Check Results for Package optimLanduse

Last updated on 2025-04-30 00:49:53 CEST.

Flavor Version Tinstall Tcheck Ttotal Status Flags
r-devel-linux-x86_64-debian-clang 1.2.1 5.29 44.85 50.14 NOTE
r-devel-linux-x86_64-debian-gcc 1.2.1 3.61 33.40 37.01 OK
r-devel-linux-x86_64-fedora-clang 1.2.1 81.20 OK
r-devel-linux-x86_64-fedora-gcc 1.2.1 71.25 OK
r-devel-windows-x86_64 1.2.1 7.00 66.00 73.00 OK
r-patched-linux-x86_64 1.2.1 4.92 41.26 46.18 OK
r-release-linux-x86_64 1.2.1 4.83 41.33 46.16 OK
r-release-macos-arm64 1.2.1 28.00 OK
r-release-macos-x86_64 1.2.1 53.00 OK
r-release-windows-x86_64 1.2.1 8.00 65.00 73.00 OK
r-oldrel-macos-arm64 1.2.1 31.00 OK
r-oldrel-macos-x86_64 1.2.1 37.00 OK
r-oldrel-windows-x86_64 1.2.1 8.00 75.00 83.00 OK

Check Details

Version: 1.2.1
Check: examples
Result: NOTE Examples with CPU (user + system) or elapsed time > 5s user system elapsed autoSearch 1.406 0.198 7.399 Flavor: r-devel-linux-x86_64-debian-clang