CRAN Package Check Results for Package optimus

Last updated on 2025-02-04 16:49:19 CET.

Flavor Version Tinstall Tcheck Ttotal Status Flags
r-devel-linux-x86_64-debian-clang 0.2.0 2.59 165.85 168.44 OK
r-devel-linux-x86_64-debian-gcc 0.2.0 1.48 113.69 115.17 OK
r-devel-linux-x86_64-fedora-clang 0.2.0 286.10 NOTE
r-devel-linux-x86_64-fedora-gcc 0.2.0 288.12 NOTE
r-devel-windows-x86_64 0.2.0 4.00 192.00 196.00 OK
r-patched-linux-x86_64 0.2.0 2.70 156.24 158.94 OK
r-release-linux-x86_64 0.2.0 2.05 156.26 158.31 OK
r-release-macos-arm64 0.2.0 84.00 OK
r-release-macos-x86_64 0.2.0 166.00 OK
r-release-windows-x86_64 0.2.0 3.00 188.00 191.00 OK
r-oldrel-macos-arm64 0.2.0 82.00 OK
r-oldrel-macos-x86_64 0.2.0 144.00 OK
r-oldrel-windows-x86_64 0.2.0 4.00 222.00 226.00 OK

Check Details

Version: 0.2.0
Check: dependencies in R code
Result: NOTE Namespace in Imports field not imported from: ‘methods’ All declared Imports should be used. Flavors: r-devel-linux-x86_64-fedora-clang, r-devel-linux-x86_64-fedora-gcc