CRAN Package Check Results for Package ordinalLBM

Last updated on 2025-02-05 07:50:20 CET.

Flavor Version Tinstall Tcheck Ttotal Status Flags
r-devel-linux-x86_64-debian-clang 1.0 1.79 21.47 23.26 OK
r-devel-linux-x86_64-debian-gcc 1.0 1.70 16.32 18.02 OK
r-devel-linux-x86_64-fedora-clang 1.0 39.16 NOTE
r-devel-linux-x86_64-fedora-gcc 1.0 37.54 NOTE
r-devel-windows-x86_64 1.0 3.00 46.00 49.00 OK
r-patched-linux-x86_64 1.0 1.82 20.38 22.20 OK
r-release-linux-x86_64 1.0 2.11 20.30 22.41 OK
r-release-macos-arm64 1.0 16.00 OK
r-release-macos-x86_64 1.0 24.00 OK
r-release-windows-x86_64 1.0 4.00 45.00 49.00 OK
r-oldrel-macos-arm64 1.0 18.00 OK
r-oldrel-macos-x86_64 1.0 23.00 OK
r-oldrel-windows-x86_64 1.0 4.00 47.00 51.00 OK

Check Details

Version: 1.0
Check: dependencies in R code
Result: NOTE Namespace in Imports field not imported from: ‘reshape2’ All declared Imports should be used. Flavors: r-devel-linux-x86_64-fedora-clang, r-devel-linux-x86_64-fedora-gcc