Last updated on 2024-04-17 23:00:01 CEST.
Flavor | Version | Tinstall | Tcheck | Ttotal | Status | Flags |
---|---|---|---|---|---|---|
r-devel-linux-x86_64-debian-clang | 0.11.4 | 19.76 | 127.98 | 147.74 | OK | |
r-devel-linux-x86_64-debian-gcc | 0.11.4 | 16.45 | 96.29 | 112.74 | OK | |
r-devel-linux-x86_64-fedora-clang | 0.11.4 | 184.55 | NOTE | |||
r-devel-linux-x86_64-fedora-gcc | 0.11.4 | 180.61 | OK | |||
r-prerel-macos-arm64 | 0.11.4 | 44.00 | NOTE | |||
r-prerel-windows-x86_64 | 0.11.4 | 18.00 | 126.00 | 144.00 | NOTE | |
r-patched-linux-x86_64 | 0.11.4 | 24.55 | 125.51 | 150.06 | OK | |
r-release-linux-x86_64 | 0.11.4 | 16.22 | 125.30 | 141.52 | OK | |
r-release-macos-arm64 | 0.11.4 | 51.00 | NOTE | |||
r-release-macos-x86_64 | 0.11.4 | 90.00 | NOTE | |||
r-release-windows-x86_64 | 0.11.4 | 24.00 | 158.00 | 182.00 | NOTE | |
r-oldrel-macos-arm64 | 0.11.4 | 48.00 | NOTE | |||
r-oldrel-windows-x86_64 | 0.11.4 | 26.00 | 136.00 | 162.00 | NOTE |
Version: 0.11.4
Check: installed package size
Result: NOTE
installed size is 6.6Mb
sub-directories of 1Mb or more:
R 1.0Mb
nifti 3.8Mb
Flavors: r-devel-linux-x86_64-fedora-clang, r-prerel-macos-arm64, r-prerel-windows-x86_64, r-release-macos-arm64, r-release-macos-x86_64, r-release-windows-x86_64, r-oldrel-macos-arm64, r-oldrel-windows-x86_64