Last updated on 2024-05-02 09:51:50 CEST.
Flavor | Version | Tinstall | Tcheck | Ttotal | Status | Flags |
---|---|---|---|---|---|---|
r-devel-linux-x86_64-debian-clang | 0.1.1 | 3.74 | 23.13 | 26.87 | OK | |
r-devel-linux-x86_64-debian-gcc | 0.1.1 | 3.24 | 17.93 | 21.17 | OK | |
r-devel-linux-x86_64-fedora-clang | 0.1.1 | 35.21 | NOTE | |||
r-devel-linux-x86_64-fedora-gcc | 0.1.1 | 33.96 | NOTE | |||
r-devel-windows-x86_64 | 0.1.1 | 5.00 | 40.00 | 45.00 | OK | |
r-patched-linux-x86_64 | 0.1.1 | 3.61 | 21.76 | 25.37 | OK | |
r-release-linux-x86_64 | 0.1.1 | 4.79 | 22.41 | 27.20 | OK | |
r-release-macos-arm64 | 0.1.1 | 16.00 | OK | |||
r-release-macos-x86_64 | 0.1.1 | 29.00 | OK | |||
r-release-windows-x86_64 | 0.1.1 | 4.00 | 40.00 | 44.00 | OK | |
r-oldrel-macos-arm64 | 0.1.1 | 20.00 | OK | |||
r-oldrel-macos-x86_64 | 0.1.1 | 33.00 | OK | |||
r-oldrel-windows-x86_64 | 0.1.1 | 5.00 | 39.00 | 44.00 | OK |
Version: 0.1.1
Check: dependencies in R code
Result: NOTE
Namespaces in Imports field not imported from:
‘R6’ ‘openssl’
All declared Imports should be used.
Flavors: r-devel-linux-x86_64-fedora-clang, r-devel-linux-x86_64-fedora-gcc