Last updated on 2024-08-31 22:49:45 CEST.
Flavor | Version | Tinstall | Tcheck | Ttotal | Status | Flags |
---|---|---|---|---|---|---|
r-devel-linux-x86_64-debian-clang | 0.5.1 | 4.10 | 39.46 | 43.56 | NOTE | |
r-devel-linux-x86_64-debian-gcc | 0.5.1 | 3.07 | 27.96 | 31.03 | NOTE | |
r-devel-linux-x86_64-fedora-clang | 0.5.1 | 68.69 | NOTE | |||
r-devel-linux-x86_64-fedora-gcc | 0.5.1 | 64.07 | NOTE | |||
r-devel-windows-x86_64 | 0.5.1 | 6.00 | 58.00 | 64.00 | NOTE | |
r-patched-linux-x86_64 | 0.5.1 | 4.29 | 36.57 | 40.86 | NOTE | |
r-release-linux-x86_64 | 0.5.1 | 4.56 | 36.83 | 41.39 | NOTE | |
r-release-macos-arm64 | 0.5.1 | 23.00 | NOTE | |||
r-release-macos-x86_64 | 0.5.1 | 32.00 | NOTE | |||
r-release-windows-x86_64 | 0.5.1 | 6.00 | 58.00 | 64.00 | NOTE | |
r-oldrel-macos-arm64 | 0.5.1 | 23.00 | OK | |||
r-oldrel-macos-x86_64 | 0.5.1 | 36.00 | OK | |||
r-oldrel-windows-x86_64 | 0.5.1 | 8.00 | 66.00 | 74.00 | OK |
Version: 0.5.1
Check: Rd files
Result: NOTE
checkRd: (-1) otp_create_surface.Rd:33: Lost braces; missing escapes or markup?
33 | The file will be named surface_{id}.tiff, with {id} replaced by the OTP id assigned
| ^
checkRd: (-1) otp_create_surface.Rd:33: Lost braces; missing escapes or markup?
33 | The file will be named surface_{id}.tiff, with {id} replaced by the OTP id assigned
| ^
Flavors: r-devel-linux-x86_64-debian-clang, r-devel-linux-x86_64-debian-gcc, r-devel-linux-x86_64-fedora-clang, r-devel-linux-x86_64-fedora-gcc, r-devel-windows-x86_64, r-patched-linux-x86_64, r-release-linux-x86_64, r-release-macos-arm64, r-release-macos-x86_64, r-release-windows-x86_64