Last updated on 2025-04-29 15:50:21 CEST.
Flavor | Version | Tinstall | Tcheck | Ttotal | Status | Flags |
---|---|---|---|---|---|---|
r-devel-linux-x86_64-debian-clang | 1.1.2 | 5.78 | 44.36 | 50.14 | NOTE | |
r-devel-linux-x86_64-debian-gcc | 1.1.2 | 3.36 | 31.87 | 35.23 | NOTE | |
r-devel-linux-x86_64-fedora-clang | 1.1.2 | 80.13 | OK | |||
r-devel-linux-x86_64-fedora-gcc | 1.1.2 | 74.25 | OK | |||
r-devel-windows-x86_64 | 1.1.2 | 6.00 | 65.00 | 71.00 | OK | |
r-patched-linux-x86_64 | 1.1.2 | 5.08 | 42.44 | 47.52 | OK | |
r-release-linux-x86_64 | 1.1.2 | 5.26 | 42.33 | 47.59 | OK | |
r-release-macos-arm64 | 1.1.2 | 34.00 | OK | |||
r-release-macos-x86_64 | 1.1.2 | 62.00 | OK | |||
r-release-windows-x86_64 | 1.1.2 | 7.00 | 89.00 | 96.00 | OK | |
r-oldrel-macos-arm64 | 1.1.2 | 34.00 | OK | |||
r-oldrel-macos-x86_64 | 1.1.2 | 53.00 | OK | |||
r-oldrel-windows-x86_64 | 1.1.2 | 8.00 | 73.00 | 81.00 | OK |
Version: 1.1.2
Check: examples
Result: NOTE
Examples with CPU (user + system) or elapsed time > 5s
user system elapsed
combined_dataset 2.389 0.163 5.652
Flavor: r-devel-linux-x86_64-debian-clang
Version: 1.1.2
Check: examples
Result: NOTE
Examples with CPU (user + system) or elapsed time > 5s
user system elapsed
combined_dataset 1.624 0.176 5.219
Flavor: r-devel-linux-x86_64-debian-gcc