Last updated on 2023-12-04 22:57:48 CET.
Flavor | Version | Tinstall | Tcheck | Ttotal | Status | Flags |
---|---|---|---|---|---|---|
r-devel-linux-x86_64-debian-clang | 0.4.1 | 10.61 | 94.96 | 105.57 | NOTE | |
r-devel-linux-x86_64-debian-gcc | 0.4.1 | 8.64 | 71.20 | 79.84 | NOTE | |
r-devel-linux-x86_64-fedora-clang | 0.4.1 | 131.18 | NOTE | |||
r-devel-linux-x86_64-fedora-gcc | 0.4.1 | 134.53 | NOTE | |||
r-devel-windows-x86_64 | 0.4.1 | 10.00 | 88.00 | 98.00 | OK | |
r-patched-linux-x86_64 | 0.4.1 | 8.16 | 90.81 | 98.97 | NOTE | |
r-release-linux-x86_64 | 0.4.1 | 6.74 | 90.80 | 97.54 | NOTE | |
r-release-macos-arm64 | 0.4.1 | 45.00 | OK | |||
r-release-macos-x86_64 | 0.4.1 | 69.00 | OK | |||
r-release-windows-x86_64 | 0.4.1 | 13.00 | 101.00 | 114.00 | OK | |
r-oldrel-macos-arm64 | 0.4.1 | 28.00 | NOTE | |||
r-oldrel-macos-x86_64 | 0.4.1 | 71.00 | NOTE | |||
r-oldrel-windows-x86_64 | 0.4.1 | 14.00 | 105.00 | 119.00 | OK |
Version: 0.4.1
Check: package dependencies
Result: NOTE
Package suggested but not available for checking: ‘rgdal’
Flavors: r-devel-linux-x86_64-debian-clang, r-devel-linux-x86_64-debian-gcc, r-devel-linux-x86_64-fedora-clang, r-devel-linux-x86_64-fedora-gcc, r-patched-linux-x86_64, r-release-linux-x86_64
Version: 0.4.1
Check: data for non-ASCII characters
Result: NOTE
Note: found 16 marked UTF-8 strings
Flavors: r-devel-linux-x86_64-fedora-clang, r-devel-linux-x86_64-fedora-gcc, r-oldrel-macos-arm64, r-oldrel-macos-x86_64