Last updated on 2025-04-29 00:52:18 CEST.
Flavor | Version | Tinstall | Tcheck | Ttotal | Status | Flags |
---|---|---|---|---|---|---|
r-devel-linux-x86_64-debian-clang | 0.5.7 | 8.37 | 81.53 | 89.90 | OK | |
r-devel-linux-x86_64-debian-gcc | 0.5.7 | 5.39 | 61.60 | 66.99 | NOTE | |
r-devel-linux-x86_64-fedora-clang | 0.5.7 | 141.48 | OK | |||
r-devel-linux-x86_64-fedora-gcc | 0.5.7 | 148.73 | OK | |||
r-devel-windows-x86_64 | 0.5.7 | 10.00 | 125.00 | 135.00 | OK | |
r-patched-linux-x86_64 | 0.5.7 | 7.42 | 76.99 | 84.41 | OK | |
r-release-linux-x86_64 | 0.5.7 | 6.66 | 77.41 | 84.07 | OK | |
r-release-macos-arm64 | 0.5.7 | 88.00 | OK | |||
r-release-macos-x86_64 | 0.5.7 | 129.00 | OK | |||
r-release-windows-x86_64 | 0.5.7 | 9.00 | 114.00 | 123.00 | OK | |
r-oldrel-macos-arm64 | 0.5.7 | 74.00 | OK | |||
r-oldrel-macos-x86_64 | 0.5.7 | 85.00 | OK | |||
r-oldrel-windows-x86_64 | 0.5.7 | 12.00 | 125.00 | 137.00 | OK |
Version: 0.5.7
Check: examples
Result: NOTE
Examples with CPU (user + system) or elapsed time > 5s
user system elapsed
csv_to_parquet 0.539 0.181 56.457
Flavor: r-devel-linux-x86_64-debian-gcc