Last updated on 2025-04-29 14:53:42 CEST.
Flavor | Version | Tinstall | Tcheck | Ttotal | Status | Flags |
---|---|---|---|---|---|---|
r-devel-linux-x86_64-debian-clang | 1.0.0 | 32.91 | 85.94 | 118.85 | NOTE | |
r-devel-linux-x86_64-debian-gcc | 1.0.0 | 24.20 | 59.53 | 83.73 | NOTE | |
r-devel-linux-x86_64-fedora-clang | 1.0.0 | 209.79 | NOTE | |||
r-devel-linux-x86_64-fedora-gcc | 1.0.0 | 394.72 | NOTE | |||
r-devel-windows-x86_64 | 1.0.0 | 52.00 | 120.00 | 172.00 | NOTE | |
r-patched-linux-x86_64 | 1.0.0 | 35.24 | 81.13 | 116.37 | NOTE | |
r-release-linux-x86_64 | 1.0.0 | 36.17 | 81.52 | 117.69 | NOTE | |
r-release-macos-arm64 | 1.0.0 | 101.00 | NOTE | |||
r-release-macos-x86_64 | 1.0.0 | 217.00 | NOTE | |||
r-release-windows-x86_64 | 1.0.0 | 54.00 | 124.00 | 178.00 | NOTE | |
r-oldrel-macos-arm64 | 1.0.0 | 65.00 | NOTE | |||
r-oldrel-macos-x86_64 | 1.0.0 | 120.00 | NOTE | |||
r-oldrel-windows-x86_64 | 1.0.0 | 58.00 | 148.00 | 206.00 | NOTE |
Version: 1.0.0
Check: CRAN incoming feasibility
Result: NOTE
Maintainer: ‘Chunqiao Luo <chunqiaoluo@gmail.com>’
Package CITATION file contains call(s) to old-style citEntry(). Please
use bibentry() instead.
Flavors: r-devel-linux-x86_64-debian-clang, r-devel-linux-x86_64-debian-gcc
Version: 1.0.0
Check: C++ specification
Result: NOTE
Specified C++11: please drop specification unless essential
Flavors: r-devel-linux-x86_64-debian-clang, r-devel-linux-x86_64-debian-gcc, r-devel-linux-x86_64-fedora-clang, r-devel-linux-x86_64-fedora-gcc, r-devel-windows-x86_64, r-patched-linux-x86_64, r-release-linux-x86_64, r-release-macos-arm64, r-release-macos-x86_64, r-release-windows-x86_64, r-oldrel-macos-arm64, r-oldrel-macos-x86_64, r-oldrel-windows-x86_64
Version: 1.0.0
Check: examples
Result: NOTE
Examples with CPU (user + system) or elapsed time > 5s
user system elapsed
imagebar 2.948 0.425 5.288
Flavor: r-devel-linux-x86_64-debian-clang
Version: 1.0.0
Check: for GNU extensions in Makefiles
Result: NOTE
GNU make is a SystemRequirements.
Flavors: r-oldrel-macos-arm64, r-oldrel-macos-x86_64, r-oldrel-windows-x86_64