Last updated on 2023-12-04 12:00:41 CET.
Flavor | Version | Tinstall | Tcheck | Ttotal | Status | Flags |
---|---|---|---|---|---|---|
r-devel-linux-x86_64-debian-clang | 1.3.5 | 3.04 | 36.24 | 39.28 | OK | |
r-devel-linux-x86_64-debian-gcc | 1.3.5 | 2.37 | 28.45 | 30.82 | OK | |
r-devel-linux-x86_64-fedora-clang | 1.3.5 | 51.56 | OK | |||
r-devel-linux-x86_64-fedora-gcc | 1.3.5 | 66.90 | OK | |||
r-devel-windows-x86_64 | 1.3.5 | 5.00 | 51.00 | 56.00 | OK | |
r-patched-linux-x86_64 | 1.3.5 | 3.70 | 35.85 | 39.55 | OK | |
r-release-linux-x86_64 | 1.3.5 | 2.99 | 35.24 | 38.23 | OK | |
r-release-macos-arm64 | 1.3.5 | 28.00 | OK | |||
r-release-macos-x86_64 | 1.3.5 | 38.00 | NOTE | |||
r-release-windows-x86_64 | 1.3.5 | 6.00 | 52.00 | 58.00 | OK | |
r-oldrel-macos-arm64 | 1.3.5 | 51.00 | OK | |||
r-oldrel-macos-x86_64 | 1.3.5 | 29.00 | OK | |||
r-oldrel-windows-x86_64 | 1.3.5 | 5.00 | 59.00 | 64.00 | OK |
Version: 1.3.5
Check: package dependencies
Result: NOTE
Package suggested but not available for checking: ‘PerformanceAnalytics’
Flavor: r-release-macos-x86_64