Last updated on 2025-04-29 15:50:22 CEST.
Flavor | Version | Tinstall | Tcheck | Ttotal | Status | Flags |
---|---|---|---|---|---|---|
r-devel-linux-x86_64-debian-clang | 1.1.0 | 15.21 | 123.27 | 138.48 | NOTE | |
r-devel-linux-x86_64-debian-gcc | 1.1.0 | 8.77 | 83.92 | 92.69 | OK | |
r-devel-linux-x86_64-fedora-clang | 1.1.0 | 211.18 | OK | |||
r-devel-linux-x86_64-fedora-gcc | 1.1.0 | 216.05 | OK | |||
r-devel-windows-x86_64 | 1.1.0 | 16.00 | 160.00 | 176.00 | OK | |
r-patched-linux-x86_64 | 1.1.0 | 14.67 | 117.37 | 132.04 | OK | |
r-release-linux-x86_64 | 1.1.0 | 14.49 | 115.76 | 130.25 | OK | |
r-release-macos-arm64 | 1.1.0 | 94.00 | OK | |||
r-release-macos-x86_64 | 1.1.0 | 133.00 | OK | |||
r-release-windows-x86_64 | 1.1.0 | 18.00 | 151.00 | 169.00 | OK | |
r-oldrel-macos-arm64 | 1.1.0 | 66.00 | OK | |||
r-oldrel-macos-x86_64 | 1.1.0 | 136.00 | OK | |||
r-oldrel-windows-x86_64 | 1.1.0 | 20.00 | 190.00 | 210.00 | OK |
Version: 1.1.0
Check: examples
Result: NOTE
Examples with CPU (user + system) or elapsed time > 5s
user system elapsed
make_esem_model 6.952 0.148 8.584
Flavor: r-devel-linux-x86_64-debian-clang