Last updated on 2024-08-31 22:49:46 CEST.
Flavor | Version | Tinstall | Tcheck | Ttotal | Status | Flags |
---|---|---|---|---|---|---|
r-devel-linux-x86_64-debian-clang | 1.0.2 | 8.22 | 61.52 | 69.74 | OK | |
r-devel-linux-x86_64-debian-gcc | 1.0.2 | 6.17 | 42.90 | 49.07 | OK | |
r-devel-linux-x86_64-fedora-clang | 1.0.2 | 110.95 | NOTE | |||
r-devel-linux-x86_64-fedora-gcc | 1.0.2 | 102.47 | OK | |||
r-devel-windows-x86_64 | 1.0.2 | 11.00 | 78.00 | 89.00 | OK | |
r-patched-linux-x86_64 | 1.0.2 | 7.67 | 57.52 | 65.19 | OK | |
r-release-linux-x86_64 | 1.0.2 | 7.65 | 57.44 | 65.09 | OK | |
r-release-macos-arm64 | 1.0.2 | 30.00 | OK | |||
r-release-macos-x86_64 | 1.0.2 | 49.00 | OK | |||
r-release-windows-x86_64 | 1.0.2 | 11.00 | 80.00 | 91.00 | OK | |
r-oldrel-macos-arm64 | 1.0.2 | 32.00 | OK | |||
r-oldrel-macos-x86_64 | 1.0.2 | 57.00 | NOTE | |||
r-oldrel-windows-x86_64 | 1.0.2 | 12.00 | 91.00 | 103.00 | OK |
Version: 1.0.2
Check: Rd cross-references
Result: NOTE
Undeclared package ‘phase1RMD’ in Rd xrefs
Flavor: r-devel-linux-x86_64-fedora-clang
Version: 1.0.2
Check: Rd cross-references
Result: NOTE
Package unavailable to check Rd xrefs: ‘phase1RMD’
Flavor: r-oldrel-macos-x86_64