Last updated on 2024-04-20 05:03:21 CEST.
Flavor | Version | Tinstall | Tcheck | Ttotal | Status | Flags |
---|---|---|---|---|---|---|
r-devel-linux-x86_64-debian-clang | 1.0.8 | 43.08 | 421.26 | 464.34 | NOTE | |
r-devel-linux-x86_64-debian-gcc | 1.0.8 | NOTE | ||||
r-devel-linux-x86_64-fedora-clang | 1.0.8 | 626.56 | NOTE | |||
r-devel-linux-x86_64-fedora-gcc | 1.0.8 | 613.98 | NOTE | |||
r-prerel-macos-arm64 | 1.0.8 | 139.00 | NOTE | |||
r-prerel-windows-x86_64 | 1.0.8 | 32.00 | 270.00 | 302.00 | NOTE | |
r-patched-linux-x86_64 | 1.0.8 | 41.53 | 410.29 | 451.82 | NOTE | |
r-release-linux-x86_64 | 1.0.8 | 43.17 | 413.10 | 456.27 | OK | |
r-release-macos-arm64 | 1.0.8 | 135.00 | NOTE | |||
r-release-macos-x86_64 | 1.0.8 | 246.00 | NOTE | |||
r-release-windows-x86_64 | 1.0.8 | 44.00 | 355.00 | 399.00 | OK | |
r-oldrel-macos-arm64 | 1.0.8 | 119.00 | OK | |||
r-oldrel-windows-x86_64 | 1.0.8 | 46.00 | 356.00 | 402.00 | OK |
Version: 1.0.8
Check: package dependencies
Result: NOTE
Package suggested but not available for checking: ‘phyloseq’
Flavors: r-devel-linux-x86_64-debian-clang, r-release-macos-arm64, r-release-macos-x86_64
Version: 1.0.8
Check: Rd files
Result: NOTE
checkRd: (-1) fitgom.Rd:87: Lost braces
87 | \item \code{theta} The ncol{counts} by K matrix of estimated
| ^
checkRd: (-1) fitgom.Rd:89: Lost braces
89 | \item \code{omega} The nrow{counts} by K matrix of estimated
| ^
Flavors: r-devel-linux-x86_64-debian-clang, r-devel-linux-x86_64-debian-gcc, r-devel-linux-x86_64-fedora-clang, r-devel-linux-x86_64-fedora-gcc, r-prerel-macos-arm64, r-prerel-windows-x86_64, r-patched-linux-x86_64
Version: 1.0.8
Check: Rd cross-references
Result: NOTE
Undeclared package ‘picante’ in Rd xrefs
Flavor: r-devel-linux-x86_64-fedora-clang