Last updated on 2025-04-29 15:50:22 CEST.
Flavor | Version | Tinstall | Tcheck | Ttotal | Status | Flags |
---|---|---|---|---|---|---|
r-devel-linux-x86_64-debian-clang | 1.5.6 | 36.02 | 130.64 | 166.66 | OK | |
r-devel-linux-x86_64-debian-gcc | 1.5.6 | 20.85 | 86.48 | 107.33 | OK | |
r-devel-linux-x86_64-fedora-clang | 1.5.6 | 288.11 | OK | |||
r-devel-linux-x86_64-fedora-gcc | 1.5.6 | 262.85 | OK | |||
r-devel-windows-x86_64 | 1.5.6 | 35.00 | 154.00 | 189.00 | OK | |
r-patched-linux-x86_64 | 1.5.6 | 35.79 | 121.83 | 157.62 | OK | |
r-release-linux-x86_64 | 1.5.6 | 31.37 | 120.44 | 151.81 | OK | |
r-release-macos-arm64 | 1.5.6 | 66.00 | OK | |||
r-release-macos-x86_64 | 1.5.6 | 176.00 | OK | |||
r-release-windows-x86_64 | 1.5.6 | 36.00 | 151.00 | 187.00 | OK | |
r-oldrel-macos-arm64 | 1.5.6 | 71.00 | NOTE | |||
r-oldrel-macos-x86_64 | 1.5.6 | 147.00 | NOTE | |||
r-oldrel-windows-x86_64 | 1.5.6 | 42.00 | 183.00 | 225.00 | OK |
Version: 1.5.6
Check: installed package size
Result: NOTE
installed size is 5.3Mb
sub-directories of 1Mb or more:
R 2.1Mb
data 2.0Mb
Flavors: r-oldrel-macos-arm64, r-oldrel-macos-x86_64