CRAN Package Check Results for Package planscorer

Last updated on 2025-04-29 01:49:43 CEST.

Flavor Version Tinstall Tcheck Ttotal Status Flags
r-devel-linux-x86_64-debian-clang 0.0.2 2.25 29.38 31.63 NOTE
r-devel-linux-x86_64-debian-gcc 0.0.2 1.97 24.02 25.99 NOTE
r-devel-linux-x86_64-fedora-clang 0.0.2 51.47 NOTE
r-devel-linux-x86_64-fedora-gcc 0.0.2 48.47 NOTE
r-devel-windows-x86_64 0.0.2 4.00 60.00 64.00 NOTE
r-patched-linux-x86_64 0.0.2 2.64 28.42 31.06 NOTE
r-release-linux-x86_64 0.0.2 2.71 28.34 31.05 NOTE
r-release-macos-arm64 0.0.2 36.00 NOTE
r-release-macos-x86_64 0.0.2 47.00 NOTE
r-release-windows-x86_64 0.0.2 5.00 60.00 65.00 NOTE
r-oldrel-macos-arm64 0.0.2 33.00 OK
r-oldrel-macos-x86_64 0.0.2 42.00 OK
r-oldrel-windows-x86_64 0.0.2 7.00 60.00 67.00 OK

Check Details

Version: 0.0.2
Check: DESCRIPTION meta-information
Result: NOTE Missing dependency on R >= 4.1.0 because package code uses the pipe |> or function shorthand \(...) syntax added in R 4.1.0. File(s) using such syntax: ‘ingest.R’ ‘model_versions.R’ ‘supported_states.R’ ‘upload.R’ Flavors: r-devel-linux-x86_64-debian-clang, r-devel-linux-x86_64-debian-gcc, r-devel-linux-x86_64-fedora-clang, r-devel-linux-x86_64-fedora-gcc, r-devel-windows-x86_64, r-patched-linux-x86_64, r-release-linux-x86_64, r-release-macos-arm64, r-release-macos-x86_64, r-release-windows-x86_64