CRAN Package Check Results for Package plot.matrix

Last updated on 2024-07-15 01:48:19 CEST.

Flavor Version Tinstall Tcheck Ttotal Status Flags
r-devel-linux-x86_64-debian-clang 1.6.2 2.55 102.07 104.62 OK
r-devel-linux-x86_64-debian-gcc 1.6.2 2.59 79.80 82.39 OK
r-devel-linux-x86_64-fedora-clang 1.6.2 140.38 NOTE
r-devel-linux-x86_64-fedora-gcc 1.6.2 148.97 OK
r-devel-windows-x86_64 1.6.2 5.00 64.00 69.00 OK
r-patched-linux-x86_64 1.6.2 3.22 96.60 99.82 OK
r-release-linux-x86_64 1.6.2 3.77 99.09 102.86 OK
r-release-macos-arm64 1.6.2 26.00 OK
r-release-macos-x86_64 1.6.2 43.00 OK
r-release-windows-x86_64 1.6.2 4.00 65.00 69.00 OK
r-oldrel-macos-arm64 1.6.2 29.00 OK
r-oldrel-macos-x86_64 1.6.2 46.00 OK
r-oldrel-windows-x86_64 1.6.2 4.00 67.00 71.00 OK

Check Details

Version: 1.6.2
Check: Rd cross-references
Result: NOTE Undeclared package ‘exams’ in Rd xrefs Flavor: r-devel-linux-x86_64-fedora-clang