Last updated on 2023-12-04 03:06:19 CET.
Flavor | Version | Tinstall | Tcheck | Ttotal | Status | Flags |
---|---|---|---|---|---|---|
r-devel-linux-x86_64-debian-clang | 0.1.0 | 8.67 | 61.72 | 70.39 | OK | |
r-devel-linux-x86_64-debian-gcc | 0.1.0 | 6.79 | 46.99 | 53.78 | OK | |
r-devel-linux-x86_64-fedora-clang | 0.1.0 | 88.64 | NOTE | |||
r-devel-linux-x86_64-fedora-gcc | 0.1.0 | 82.68 | NOTE | |||
r-devel-windows-x86_64 | 0.1.0 | 10.00 | 67.00 | 77.00 | OK | |
r-patched-linux-x86_64 | 0.1.0 | 6.61 | 58.70 | 65.31 | OK | |
r-release-linux-x86_64 | 0.1.0 | 5.35 | 58.24 | 63.59 | OK | |
r-release-macos-arm64 | 0.1.0 | 30.00 | OK | |||
r-release-macos-x86_64 | 0.1.0 | 44.00 | OK | |||
r-release-windows-x86_64 | 0.1.0 | 12.00 | 74.00 | 86.00 | OK | |
r-oldrel-macos-arm64 | 0.1.0 | 30.00 | NOTE | |||
r-oldrel-macos-x86_64 | 0.1.0 | 51.00 | NOTE | |||
r-oldrel-windows-x86_64 | 0.1.0 | 14.00 | 81.00 | 95.00 | OK |
Version: 0.1.0
Check: dependencies in R code
Result: NOTE
Namespace in Imports field not imported from: ‘mapproj’
All declared Imports should be used.
Flavors: r-devel-linux-x86_64-fedora-clang, r-devel-linux-x86_64-fedora-gcc, r-oldrel-macos-arm64, r-oldrel-macos-x86_64
Version: 0.1.0
Check: data for non-ASCII characters
Result: NOTE
Note: found 12992 marked UTF-8 strings
Flavors: r-devel-linux-x86_64-fedora-clang, r-devel-linux-x86_64-fedora-gcc, r-oldrel-macos-arm64, r-oldrel-macos-x86_64