CRAN Package Check Results for Package pls

Last updated on 2023-10-04 22:06:59 CEST.

Flavor Version Tinstall Tcheck Ttotal Status Flags
r-devel-linux-x86_64-debian-clang 2.8-2 6.30 71.65 77.95 OK
r-devel-linux-x86_64-debian-gcc 2.8-2 5.88 54.77 60.65 OK
r-devel-linux-x86_64-fedora-clang 2.8-2 96.50 NOTE
r-devel-linux-x86_64-fedora-gcc 2.8-2 107.39 OK
r-devel-windows-x86_64 2.8-2 8.00 95.00 103.00 OK
r-patched-linux-x86_64 2.8-2 9.68 70.16 79.84 OK
r-release-linux-x86_64 2.8-2 8.09 70.42 78.51 OK
r-release-macos-arm64 2.8-2 44.00 NOTE
r-release-macos-x86_64 2.8-2 105.00 NOTE
r-release-windows-x86_64 2.8-2 10.00 97.00 107.00 OK
r-oldrel-macos-arm64 2.8-2 38.00 NOTE
r-oldrel-macos-x86_64 2.8-2 60.00 NOTE
r-oldrel-windows-x86_64 2.8-2 10.00 92.00 102.00 OK

Check Details

Version: 2.8-2
Check: Rd cross-references
Result: NOTE
    Undeclared package ‘sm’ in Rd xrefs
Flavor: r-devel-linux-x86_64-fedora-clang

Version: 2.8-2
Check: package dependencies
Result: NOTE
    Package suggested but not available for checking: ‘Rmpi’
Flavors: r-release-macos-arm64, r-release-macos-x86_64, r-oldrel-macos-arm64, r-oldrel-macos-x86_64