Last updated on 2024-05-02 07:10:58 CEST.
Flavor | Version | Tinstall | Tcheck | Ttotal | Status | Flags |
---|---|---|---|---|---|---|
r-devel-linux-x86_64-debian-clang | 1.0.0 | 2.03 | 76.17 | 78.20 | NOTE | |
r-devel-linux-x86_64-debian-gcc | 1.0.0 | 1.62 | 53.99 | 55.61 | NOTE | |
r-devel-linux-x86_64-fedora-clang | 1.0.0 | 94.57 | NOTE | |||
r-devel-linux-x86_64-fedora-gcc | 1.0.0 | 102.74 | NOTE | |||
r-devel-windows-x86_64 | 1.0.0 | 2.00 | 85.00 | 87.00 | NOTE | |
r-patched-linux-x86_64 | 1.0.0 | 2.04 | 70.74 | 72.78 | NOTE | |
r-release-linux-x86_64 | 1.0.0 | 2.33 | 72.86 | 75.19 | NOTE | |
r-release-macos-arm64 | 1.0.0 | 45.00 | NOTE | |||
r-release-windows-x86_64 | 1.0.0 | 3.00 | 84.00 | 87.00 | NOTE | |
r-oldrel-macos-arm64 | 1.0.0 | 33.00 | NOTE | |||
r-oldrel-macos-x86_64 | 1.0.0 | 60.00 | NOTE | |||
r-oldrel-windows-x86_64 | 1.0.0 | 3.00 | 89.00 | 92.00 | NOTE |
Version: 1.0.0
Check: LazyData
Result: NOTE
'LazyData' is specified without a 'data' directory
Flavors: r-devel-linux-x86_64-debian-clang, r-devel-linux-x86_64-debian-gcc, r-devel-linux-x86_64-fedora-clang, r-devel-linux-x86_64-fedora-gcc, r-devel-windows-x86_64, r-patched-linux-x86_64, r-release-linux-x86_64, r-release-macos-arm64, r-release-windows-x86_64, r-oldrel-macos-arm64, r-oldrel-macos-x86_64, r-oldrel-windows-x86_64