Last updated on 2025-04-30 00:49:54 CEST.
Flavor | Version | Tinstall | Tcheck | Ttotal | Status | Flags |
---|---|---|---|---|---|---|
r-devel-linux-x86_64-debian-clang | 1.0.1 | 2.66 | 34.79 | 37.45 | NOTE | |
r-devel-linux-x86_64-debian-gcc | 1.0.1 | 2.34 | 26.01 | 28.35 | OK | |
r-devel-linux-x86_64-fedora-clang | 1.0.1 | 59.33 | OK | |||
r-devel-linux-x86_64-fedora-gcc | 1.0.1 | 55.28 | OK | |||
r-devel-windows-x86_64 | 1.0.1 | 5.00 | 56.00 | 61.00 | OK | |
r-patched-linux-x86_64 | 1.0.1 | 3.49 | 32.74 | 36.23 | OK | |
r-release-linux-x86_64 | 1.0.1 | 3.34 | 33.31 | 36.65 | OK | |
r-release-macos-arm64 | 1.0.1 | 22.00 | OK | |||
r-release-macos-x86_64 | 1.0.1 | 38.00 | OK | |||
r-release-windows-x86_64 | 1.0.1 | 5.00 | 54.00 | 59.00 | OK | |
r-oldrel-macos-arm64 | 1.0.1 | 27.00 | OK | |||
r-oldrel-macos-x86_64 | 1.0.1 | 46.00 | OK | |||
r-oldrel-windows-x86_64 | 1.0.1 | 6.00 | 58.00 | 64.00 | OK |
Version: 1.0.1
Check: examples
Result: NOTE
Examples with CPU (user + system) or elapsed time > 5s
user system elapsed
polymatch 4.511 0.107 6.071
balance 3.718 0.205 5.323
Flavor: r-devel-linux-x86_64-debian-clang