CRAN Package Check Results for Package pooledpeaks

Last updated on 2025-04-29 15:50:23 CEST.

Flavor Version Tinstall Tcheck Ttotal Status Flags
r-devel-linux-x86_64-debian-clang 1.2.0 6.81 186.77 193.58 NOTE
r-devel-linux-x86_64-debian-gcc 1.2.0 4.81 111.82 116.63 OK
r-devel-linux-x86_64-fedora-clang 1.2.0 170.21 OK
r-devel-linux-x86_64-fedora-gcc 1.2.0 158.11 OK
r-devel-windows-x86_64 1.2.0 9.00 170.00 179.00 OK
r-patched-linux-x86_64 1.2.0 6.11 175.29 181.40 OK
r-release-linux-x86_64 1.2.0 6.75 174.68 181.43 OK
r-release-macos-arm64 1.2.0 79.00 OK
r-release-macos-x86_64 1.2.0 193.00 OK
r-release-windows-x86_64 1.2.0 10.00 169.00 179.00 OK
r-oldrel-macos-arm64 1.2.0 90.00 OK
r-oldrel-macos-x86_64 1.2.0 195.00 OK
r-oldrel-windows-x86_64 1.2.0 12.00 235.00 247.00 OK

Check Details

Version: 1.2.0
Check: examples
Result: NOTE Examples with CPU (user + system) or elapsed time > 5s user system elapsed associate_dyes 4.151 0.471 5.904 Flavor: r-devel-linux-x86_64-debian-clang