Last updated on 2024-05-02 01:57:09 CEST.
Flavor | Version | Tinstall | Tcheck | Ttotal | Status | Flags |
---|---|---|---|---|---|---|
r-devel-linux-x86_64-debian-clang | 0.3.3 | 73.62 | 91.89 | 165.51 | OK | |
r-devel-linux-x86_64-debian-gcc | 0.3.3 | 53.53 | 65.34 | 118.87 | OK | |
r-devel-linux-x86_64-fedora-clang | 0.3.3 | 203.42 | OK | |||
r-devel-linux-x86_64-fedora-gcc | 0.3.3 | 206.73 | OK | |||
r-devel-windows-x86_64 | 0.3.3 | 49.00 | 101.00 | 150.00 | OK | |
r-patched-linux-x86_64 | 0.3.3 | 54.72 | 83.78 | 138.50 | OK | |
r-release-linux-x86_64 | 0.3.3 | 66.04 | 83.78 | 149.82 | OK | |
r-release-macos-arm64 | 0.3.3 | 49.00 | NOTE | |||
r-release-macos-x86_64 | 0.3.3 | 141.00 | NOTE | |||
r-release-windows-x86_64 | 0.3.3 | 52.00 | 100.00 | 152.00 | OK | |
r-oldrel-macos-arm64 | 0.3.3 | 56.00 | NOTE | |||
r-oldrel-macos-x86_64 | 0.3.3 | 120.00 | NOTE | |||
r-oldrel-windows-x86_64 | 0.3.3 | 64.00 | 115.00 | 179.00 | OK |
Version: 0.3.3
Check: installed package size
Result: NOTE
installed size is 6.4Mb
sub-directories of 1Mb or more:
libs 6.1Mb
Flavors: r-release-macos-arm64, r-release-macos-x86_64, r-oldrel-macos-arm64, r-oldrel-macos-x86_64