Last updated on 2024-07-27 16:49:17 CEST.
Flavor | Version | Tinstall | Tcheck | Ttotal | Status | Flags |
---|---|---|---|---|---|---|
r-devel-linux-x86_64-debian-clang | 2.4.0.2 | 25.93 | 204.58 | 230.51 | OK | |
r-devel-linux-x86_64-debian-gcc | 2.4.0.2 | OK | ||||
r-devel-linux-x86_64-fedora-clang | 2.4.0.2 | 300.28 | NOTE | |||
r-devel-linux-x86_64-fedora-gcc | 2.4.0.2 | 293.10 | NOTE | |||
r-devel-windows-x86_64 | 2.4.0.2 | 23.00 | 147.00 | 170.00 | OK | |
r-patched-linux-x86_64 | 2.4.0.2 | OK | ||||
r-release-linux-x86_64 | 2.4.0.2 | 19.21 | 197.92 | 217.13 | OK | |
r-release-macos-arm64 | 2.4.0.2 | 75.00 | OK | |||
r-release-macos-x86_64 | 2.4.0.2 | 107.00 | OK | |||
r-release-windows-x86_64 | 2.4.0.2 | 22.00 | 145.00 | 167.00 | OK | |
r-oldrel-macos-arm64 | 2.4.0.2 | 89.00 | OK | |||
r-oldrel-macos-x86_64 | 2.4.0.2 | 136.00 | OK | |||
r-oldrel-windows-x86_64 | 2.4.0.2 | 30.00 | 176.00 | 206.00 | OK |
Version: 2.4.0.2
Check: dependencies in R code
Result: NOTE
Namespaces in Imports field not imported from:
‘ActCR’ ‘ActFrag’ ‘tidyr’
All declared Imports should be used.
Flavors: r-devel-linux-x86_64-fedora-clang, r-devel-linux-x86_64-fedora-gcc