CRAN Package Check Results for Package posterdown

Last updated on 2024-07-22 18:52:29 CEST.

Flavor Version Tinstall Tcheck Ttotal Status Flags
r-devel-linux-x86_64-debian-clang 1.0 1.79 25.91 27.70 NOTE
r-devel-linux-x86_64-debian-gcc 1.0 1.61 19.78 21.39 NOTE
r-devel-linux-x86_64-fedora-clang 1.0 36.45 NOTE
r-devel-linux-x86_64-fedora-gcc 1.0 47.23 NOTE
r-devel-windows-x86_64 1.0 4.00 43.00 47.00 NOTE
r-patched-linux-x86_64 1.0 7.65 24.97 32.62 NOTE
r-release-linux-x86_64 1.0 2.17 24.64 26.81 NOTE
r-release-macos-arm64 1.0 22.00 NOTE
r-release-macos-x86_64 1.0 32.00 NOTE
r-release-windows-x86_64 1.0 3.00 43.00 46.00 NOTE
r-oldrel-macos-arm64 1.0 27.00 NOTE
r-oldrel-macos-x86_64 1.0 29.00 NOTE
r-oldrel-windows-x86_64 1.0 4.00 42.00 46.00 NOTE

Check Details

Version: 1.0
Check: LazyData
Result: NOTE 'LazyData' is specified without a 'data' directory Flavors: r-devel-linux-x86_64-debian-clang, r-devel-linux-x86_64-debian-gcc, r-devel-linux-x86_64-fedora-clang, r-devel-linux-x86_64-fedora-gcc, r-devel-windows-x86_64, r-patched-linux-x86_64, r-release-linux-x86_64, r-release-macos-arm64, r-release-macos-x86_64, r-release-windows-x86_64, r-oldrel-macos-arm64, r-oldrel-macos-x86_64, r-oldrel-windows-x86_64

Version: 1.0
Check: Rd cross-references
Result: NOTE Found the following Rd file(s) with Rd \link{} targets missing package anchors: posterdown_html.Rd: html_paged Please provide package anchors for all Rd \link{} targets not in the package itself and the base packages. Flavors: r-devel-linux-x86_64-debian-gcc, r-devel-windows-x86_64