Last updated on 2025-02-04 16:49:20 CET.
Flavor | Version | Tinstall | Tcheck | Ttotal | Status | Flags |
---|---|---|---|---|---|---|
r-devel-linux-x86_64-debian-clang | 0.1.8 | 3.60 | 24.55 | 28.15 | NOTE | |
r-devel-linux-x86_64-debian-gcc | 0.1.8 | 2.30 | 19.25 | 21.55 | NOTE | |
r-devel-linux-x86_64-fedora-clang | 0.1.8 | 44.82 | NOTE | |||
r-devel-linux-x86_64-fedora-gcc | 0.1.8 | 41.81 | NOTE | |||
r-devel-windows-x86_64 | 0.1.8 | 5.00 | 47.00 | 52.00 | NOTE | |
r-patched-linux-x86_64 | 0.1.8 | 3.49 | 23.49 | 26.98 | OK | |
r-release-linux-x86_64 | 0.1.8 | 2.88 | 23.43 | 26.31 | OK | |
r-release-macos-arm64 | 0.1.8 | 19.00 | OK | |||
r-release-macos-x86_64 | 0.1.8 | 32.00 | OK | |||
r-release-windows-x86_64 | 0.1.8 | 5.00 | 54.00 | 59.00 | OK | |
r-oldrel-macos-arm64 | 0.1.8 | 23.00 | OK | |||
r-oldrel-macos-x86_64 | 0.1.8 | 36.00 | OK | |||
r-oldrel-windows-x86_64 | 0.1.8 | 6.00 | 50.00 | 56.00 | OK |
Version: 0.1.8
Check: DESCRIPTION meta-information
Result: NOTE
Missing dependency on R >= 4.1.0 because package code uses the pipe
|> or function shorthand \(...) syntax added in R 4.1.0.
File(s) using such syntax:
‘direct_match.R’ ‘direct_match_spp_genus.R’ ‘fuzzy_match_genus.R’
‘fuzzy_match_infraspp_within_species.R’
‘fuzzy_match_spp_within_genus.R’ ‘genus_match.R’ ‘internal.R’
‘matching_ppendemic.R’ ‘suffix_match_spp_within_genus.R’
Flavors: r-devel-linux-x86_64-debian-clang, r-devel-linux-x86_64-debian-gcc, r-devel-linux-x86_64-fedora-clang, r-devel-linux-x86_64-fedora-gcc, r-devel-windows-x86_64