Last updated on 2024-05-02 07:10:59 CEST.
Flavor | Version | Tinstall | Tcheck | Ttotal | Status | Flags |
---|---|---|---|---|---|---|
r-devel-linux-x86_64-debian-clang | 1.0.0 | 4.48 | 44.13 | 48.61 | OK | |
r-devel-linux-x86_64-debian-gcc | 1.0.0 | 3.70 | 32.67 | 36.37 | OK | |
r-devel-linux-x86_64-fedora-clang | 1.0.0 | 60.24 | OK | |||
r-devel-linux-x86_64-fedora-gcc | 1.0.0 | 60.70 | OK | |||
r-devel-windows-x86_64 | 1.0.0 | 8.00 | 62.00 | 70.00 | OK | |
r-patched-linux-x86_64 | 1.0.0 | 3.31 | 42.91 | 46.22 | OK | |
r-release-linux-x86_64 | 1.0.0 | 2.93 | 41.30 | 44.23 | OK | |
r-release-macos-arm64 | 1.0.0 | 23.00 | OK | |||
r-release-macos-x86_64 | 1.0.0 | 52.00 | OK | |||
r-release-windows-x86_64 | 1.0.0 | 6.00 | 62.00 | 68.00 | OK | |
r-oldrel-macos-arm64 | 1.0.0 | 10.00 | ERROR | |||
r-oldrel-macos-x86_64 | 1.0.0 | 42.00 | OK | |||
r-oldrel-windows-x86_64 | 1.0.0 | 7.00 | 62.00 | 69.00 | OK |
Version: 1.0.0
Check: package dependencies
Result: ERROR
Packages required and available but unsuitable versions:
'graphics', 'grDevices', 'utils'
See section ‘The DESCRIPTION file’ in the ‘Writing R Extensions’
manual.
Flavor: r-oldrel-macos-arm64